Last updated on 2023-10-01 21:03:13 CEST.
Flavor | Version | Tinstall | Tcheck | Ttotal | Status | Flags |
---|---|---|---|---|---|---|
r-devel-linux-x86_64-debian-clang | 1.6.0 | 20.11 | 187.00 | 207.11 | OK | |
r-devel-linux-x86_64-debian-gcc | 1.6.0 | 14.88 | 138.01 | 152.89 | OK | |
r-devel-linux-x86_64-fedora-clang | 1.6.0 | 248.78 | NOTE | |||
r-devel-linux-x86_64-fedora-gcc | 1.6.0 | 265.62 | OK | |||
r-devel-windows-x86_64 | 1.6.0 | 17.00 | 148.00 | 165.00 | OK | |
r-patched-linux-x86_64 | 1.6.0 | 14.43 | 176.47 | 190.90 | OK | |
r-release-linux-x86_64 | 1.6.0 | 17.19 | 182.07 | 199.26 | OK | |
r-release-macos-arm64 | 1.6.0 | 71.00 | OK | |||
r-release-macos-x86_64 | 1.6.0 | 94.00 | OK | |||
r-release-windows-x86_64 | 1.6.0 | 21.00 | 187.00 | 208.00 | OK | |
r-oldrel-macos-arm64 | 1.6.0 | 70.00 | OK | |||
r-oldrel-macos-x86_64 | 1.6.0 | 119.00 | OK | |||
r-oldrel-windows-x86_64 | 1.6.0 | 22.00 | 184.00 | 206.00 | OK |
Version: 1.6.0
Check: installed package size
Result: NOTE
installed size is 5.0Mb
sub-directories of 1Mb or more:
doc 4.9Mb
Flavor: r-devel-linux-x86_64-fedora-clang