Last updated on 2023-06-01 12:59:39 CEST.
Flavor | Version | Tinstall | Tcheck | Ttotal | Status | Flags |
---|---|---|---|---|---|---|
r-devel-linux-x86_64-debian-clang | 1.5.0 | 30.86 | 239.38 | 270.24 | OK | |
r-devel-linux-x86_64-debian-gcc | 1.5.0 | 26.77 | 215.16 | 241.93 | OK | |
r-devel-linux-x86_64-fedora-clang | 1.5.0 | 329.19 | NOTE | |||
r-devel-linux-x86_64-fedora-gcc | 1.5.0 | 312.50 | OK | |||
r-devel-windows-x86_64 | 1.5.0 | 27.00 | 202.00 | 229.00 | OK | |
r-patched-linux-x86_64 | 1.5.0 | OK | ||||
r-release-linux-x86_64 | 1.5.0 | 24.89 | 228.36 | 253.25 | OK | |
r-release-macos-arm64 | 1.5.0 | 93.00 | OK | |||
r-release-macos-x86_64 | 1.5.0 | 149.00 | OK | |||
r-release-windows-x86_64 | 1.5.0 | 35.00 | 256.00 | 291.00 | OK | |
r-oldrel-macos-arm64 | 1.5.0 | 65.00 | OK | |||
r-oldrel-macos-x86_64 | 1.5.0 | 109.00 | OK | |||
r-oldrel-windows-x86_64 | 1.5.0 | 35.00 | 250.00 | 285.00 | OK |
Version: 1.5.0
Check: package dependencies
Result: NOTE
Imports includes 28 non-default packages.
Importing from so many packages makes the package vulnerable to any of
them becoming unavailable. Move as many as possible to Suggests and
use conditionally.
Flavor: r-devel-linux-x86_64-fedora-clang