CRAN Package Check Results for Package ragg

Last updated on 2022-01-23 15:49:17 CET.

Flavor Version Tinstall Tcheck Ttotal Status Flags
r-devel-linux-x86_64-debian-clang 1.2.1 110.96 38.99 149.95 OK
r-devel-linux-x86_64-debian-gcc 1.2.1 104.61 32.51 137.12 OK
r-devel-linux-x86_64-fedora-clang 1.2.1 229.19 NOTE
r-devel-linux-x86_64-fedora-gcc 1.2.1 224.39 OK
r-devel-windows-x86_64-new-UL 1.2.1 170.00 103.00 273.00 OK
r-devel-windows-x86_64-new-TK 1.2.1 OK
r-patched-linux-x86_64 1.2.1 119.17 36.59 155.76 OK
r-release-linux-x86_64 1.2.1 114.67 37.17 151.84 OK
r-release-macos-arm64 1.2.1 NOTE
r-release-macos-x86_64 1.2.1 ERROR
r-release-windows-ix86+x86_64 1.2.1 281.00 90.00 371.00 NOTE
r-oldrel-macos-x86_64 1.2.1 ERROR
r-oldrel-windows-ix86+x86_64 1.2.1 261.00 87.00 348.00 NOTE

Check Details

Version: 1.2.1
Check: installed package size
Result: NOTE
     installed size is 14.7Mb
     sub-directories of 1Mb or more:
     libs 14.4Mb
Flavors: r-devel-linux-x86_64-fedora-clang, r-release-macos-arm64, r-release-windows-ix86+x86_64, r-oldrel-windows-ix86+x86_64

Version: 1.2.1
Check: package dependencies
Result: ERROR
    Package required and available but unsuitable version: ‘systemfonts’
    
    See section ‘The DESCRIPTION file’ in the ‘Writing R Extensions’
    manual.
Flavors: r-release-macos-x86_64, r-oldrel-macos-x86_64