Last updated on 2023-06-05 08:53:37 CEST.
Flavor | Version | Tinstall | Tcheck | Ttotal | Status | Flags |
---|---|---|---|---|---|---|
r-devel-linux-x86_64-debian-clang | 0.10.1 | 7.72 | 278.64 | 286.36 | NOTE | |
r-devel-linux-x86_64-debian-gcc | 0.10.1 | 6.54 | 210.34 | 216.88 | NOTE | |
r-devel-linux-x86_64-fedora-clang | 0.10.1 | 345.14 | NOTE | |||
r-devel-linux-x86_64-fedora-gcc | 0.10.1 | 360.02 | NOTE | |||
r-devel-windows-x86_64 | 0.10.1 | 9.00 | 195.00 | 204.00 | NOTE | |
r-patched-linux-x86_64 | 0.10.1 | 7.65 | 268.59 | 276.24 | NOTE | |
r-release-linux-x86_64 | 0.10.1 | 5.47 | 270.15 | 275.62 | NOTE | |
r-release-macos-arm64 | 0.10.1 | 103.00 | NOTE | |||
r-release-macos-x86_64 | 0.10.1 | 180.00 | NOTE | |||
r-release-windows-x86_64 | 0.10.1 | 12.00 | 263.00 | 275.00 | NOTE | |
r-oldrel-macos-arm64 | 0.10.1 | 83.00 | NOTE | |||
r-oldrel-macos-x86_64 | 0.10.1 | 180.00 | NOTE | |||
r-oldrel-windows-x86_64 | 0.10.1 | 12.00 | 266.00 | 278.00 | NOTE |
Version: 0.10.1
Check: LazyData
Result: NOTE
'LazyData' is specified without a 'data' directory
Flavors: r-devel-linux-x86_64-debian-clang, r-devel-linux-x86_64-debian-gcc, r-devel-linux-x86_64-fedora-clang, r-devel-linux-x86_64-fedora-gcc, r-devel-windows-x86_64, r-patched-linux-x86_64, r-release-linux-x86_64, r-release-macos-arm64, r-release-macos-x86_64, r-release-windows-x86_64, r-oldrel-macos-arm64, r-oldrel-macos-x86_64, r-oldrel-windows-x86_64