CRAN Package Check Results for Package randomLCA

Last updated on 2024-03-05 08:18:37 CET.

Flavor Version Tinstall Tcheck Ttotal Status Flags
r-devel-linux-x86_64-debian-clang 1.1-3 12.95 91.38 104.33 NOTE
r-devel-linux-x86_64-debian-gcc 1.1-3 9.81 69.70 79.51 NOTE
r-devel-linux-x86_64-fedora-clang 1.1-3 124.63 NOTE
r-devel-linux-x86_64-fedora-gcc 1.1-3 132.38 NOTE
r-devel-windows-x86_64 1.1-3 14.00 87.00 101.00 NOTE
r-patched-linux-x86_64 1.1-3 13.99 86.78 100.77 OK
r-release-linux-x86_64 1.1-3 12.36 88.93 101.29 OK
r-release-macos-arm64 1.1-3 45.00 OK
r-release-macos-x86_64 1.1-3 107.00 OK
r-release-windows-x86_64 1.1-3 17.00 101.00 118.00 OK
r-oldrel-macos-arm64 1.1-3 38.00 OK
r-oldrel-windows-x86_64 1.1-3 17.00 102.00 119.00 OK

Check Details

Version: 1.1-3
Check: Rd files
Result: NOTE checkRd: (-1) outcomeProbs.Rd:18: Lost braces 18 | \item{scale}{either "prob" where probabilities are returned, the default, or "raw" where the probabilities are returned on the logit or probit scale, depending on which scale was selected in the texttt{randomLCA} function} | ^ Flavors: r-devel-linux-x86_64-debian-clang, r-devel-linux-x86_64-debian-gcc, r-devel-linux-x86_64-fedora-clang, r-devel-linux-x86_64-fedora-gcc, r-devel-windows-x86_64