CRAN Package Check Results for Package ranger

Last updated on 2023-04-01 12:56:34 CEST.

Flavor Version Tinstall Tcheck Ttotal Status Flags
r-devel-linux-x86_64-debian-clang 0.14.1 104.90 122.74 227.64 NOTE
r-devel-linux-x86_64-debian-gcc 0.14.1 88.60 93.34 181.94 NOTE
r-devel-linux-x86_64-fedora-clang 0.14.1 325.65 NOTE
r-devel-linux-x86_64-fedora-gcc 0.14.1 289.63 NOTE
r-devel-windows-x86_64 0.14.1 127.00 158.00 285.00 NOTE
r-patched-linux-x86_64 0.14.1 94.64 118.74 213.38 NOTE
r-release-linux-x86_64 0.14.1 97.80 117.18 214.98 OK
r-release-macos-arm64 0.14.1 72.00 NOTE
r-release-macos-x86_64 0.14.1 99.00 NOTE
r-release-windows-x86_64 0.14.1 130.00 182.00 312.00 OK
r-oldrel-macos-arm64 0.14.1 71.00 NOTE
r-oldrel-macos-x86_64 0.14.1 98.00 NOTE
r-oldrel-windows-ix86+x86_64 0.14.1 246.00 219.00 465.00 WARN

Check Details

Version: 0.14.1
Check: C++ specification
Result: NOTE
     Specified C++11: please drop specification unless essential
Flavors: r-devel-linux-x86_64-debian-clang, r-devel-linux-x86_64-debian-gcc, r-devel-linux-x86_64-fedora-clang, r-devel-linux-x86_64-fedora-gcc, r-devel-windows-x86_64, r-patched-linux-x86_64

Version: 0.14.1
Check: HTML version of manual
Result: NOTE
    Encountered the following conversion/validation errors:
    'CreateProcess' failed to run 'd:\rtools43\x86_64-w64-mingw32.static.posix\bin\tidy.exe -language en -qe --drop-empty-elements no D:\temp\RtmpOgOhuB\filec964300756f2'
Flavor: r-devel-windows-x86_64

Version: 0.14.1
Check: installed package size
Result: NOTE
     installed size is 7.2Mb
     sub-directories of 1Mb or more:
     libs 7.0Mb
Flavors: r-release-macos-arm64, r-release-macos-x86_64, r-oldrel-macos-arm64, r-oldrel-macos-x86_64

Version: 0.14.1
Check: for unstated dependencies in ‘tests’
Result: WARN
    Warning: unable to access index for repository https://bioconductor.org/packages/3.14/bioc/src/contrib:
     cannot open URL 'https://bioconductor.org/packages/3.14/bioc/src/contrib/PACKAGES'
    Warning: unable to access index for repository https://bioconductor.org/packages/3.14/data/annotation/src/contrib:
     cannot open URL 'https://bioconductor.org/packages/3.14/data/annotation/src/contrib/PACKAGES'
    Warning: unable to access index for repository https://bioconductor.org/packages/3.14/data/experiment/src/contrib:
     cannot open URL 'https://bioconductor.org/packages/3.14/data/experiment/src/contrib/PACKAGES'
Flavor: r-oldrel-windows-ix86+x86_64