CRAN Package Check Results for Package rare

Last updated on 2021-10-26 12:54:34 CEST.

Flavor Version Tinstall Tcheck Ttotal Status Flags
r-devel-linux-x86_64-debian-clang 0.1.1 43.23 78.95 122.18 OK
r-devel-linux-x86_64-debian-gcc 0.1.1 31.27 60.03 91.30 OK
r-devel-linux-x86_64-fedora-clang 0.1.1 175.02 OK
r-devel-linux-x86_64-fedora-gcc 0.1.1 156.98 OK
r-devel-windows-x86_64 0.1.1 57.00 86.00 143.00 OK
r-devel-windows-x86_64-gcc10-UCRT 0.1.1 OK
r-patched-linux-x86_64 0.1.1 39.97 75.82 115.79 OK
r-patched-solaris-x86 0.1.1 186.60 OK
r-release-linux-x86_64 0.1.1 36.86 75.93 112.79 OK
r-release-macos-arm64 0.1.1 NOTE
r-release-macos-x86_64 0.1.1 OK
r-release-windows-ix86+x86_64 0.1.1 80.00 135.00 215.00 OK
r-oldrel-macos-x86_64 0.1.1 OK
r-oldrel-windows-ix86+x86_64 0.1.1 108.00 140.00 248.00 OK

Check Details

Version: 0.1.1
Check: installed package size
Result: NOTE
     installed size is 5.5Mb
     sub-directories of 1Mb or more:
     doc 1.2Mb
     libs 4.2Mb
Flavor: r-release-macos-arm64