CRAN Package Check Results for Package rattle

Last updated on 2024-06-12 20:59:11 CEST.

Flavor Version Tinstall Tcheck Ttotal Status Flags
r-devel-linux-x86_64-debian-clang 5.5.1 24.39 125.67 150.06 NOTE
r-devel-linux-x86_64-debian-gcc 5.5.1 0.99 1.59 2.58 ERROR
r-devel-linux-x86_64-fedora-clang 5.5.1 192.03 NOTE
r-devel-linux-x86_64-fedora-gcc 5.5.1 166.39 NOTE
r-devel-windows-x86_64 5.5.1 21.00 106.00 127.00 NOTE
r-patched-linux-x86_64 5.5.1 25.89 116.06 141.95 NOTE
r-release-linux-x86_64 5.5.1 17.11 115.81 132.92 NOTE
r-release-macos-arm64 5.5.1 57.00 NOTE
r-release-macos-x86_64 5.5.1 138.00 NOTE
r-release-windows-x86_64 5.5.1 26.00 109.00 135.00 NOTE
r-oldrel-macos-arm64 5.5.1 54.00 NOTE
r-oldrel-macos-x86_64 5.5.1 95.00 NOTE
r-oldrel-windows-x86_64 5.5.1 31.00 129.00 160.00 NOTE

Check Details

Version: 5.5.1
Check: package dependencies
Result: NOTE Packages suggested but not available for checking: 'cairoDevice', 'RGtk2' Flavors: r-devel-linux-x86_64-debian-clang, r-devel-linux-x86_64-fedora-clang, r-devel-linux-x86_64-fedora-gcc, r-devel-windows-x86_64, r-patched-linux-x86_64, r-release-linux-x86_64, r-release-macos-arm64, r-release-macos-x86_64, r-release-windows-x86_64, r-oldrel-macos-arm64, r-oldrel-macos-x86_64, r-oldrel-windows-x86_64

Version: 5.5.1
Check: Rd files
Result: NOTE checkRd: (-1) acquireAuditData.Rd:24: Escaped LaTeX specials: \_ checkRd: (-1) rattle.Rd:44: Escaped LaTeX specials: \_ Flavors: r-devel-linux-x86_64-debian-clang, r-devel-linux-x86_64-fedora-clang, r-devel-linux-x86_64-fedora-gcc, r-devel-windows-x86_64, r-patched-linux-x86_64, r-release-linux-x86_64, r-release-macos-arm64, r-release-macos-x86_64, r-release-windows-x86_64, r-oldrel-macos-arm64, r-oldrel-macos-x86_64, r-oldrel-windows-x86_64

Version: 5.5.1
Check: package dependencies
Result: ERROR Packages required but not available: 'tibble', 'ggplot2', 'stringr', 'tidyr', 'dplyr' Packages suggested but not available for checking: 'pmml', 'arulesViz', 'biclust', 'cairoDevice', 'doBy', 'ggdendro', 'Hmisc', 'janitor', 'mice', 'RGtk2', 'readxl' See section ‘The DESCRIPTION file’ in the ‘Writing R Extensions’ manual. Flavor: r-devel-linux-x86_64-debian-gcc

Version: 5.5.1
Check: installed package size
Result: NOTE installed size is 9.5Mb sub-directories of 1Mb or more: data 4.5Mb etc 1.9Mb po 1.2Mb Flavors: r-devel-linux-x86_64-fedora-clang, r-devel-windows-x86_64, r-release-macos-arm64, r-release-macos-x86_64, r-release-windows-x86_64, r-oldrel-macos-arm64, r-oldrel-macos-x86_64, r-oldrel-windows-x86_64