Last updated on 2023-10-04 14:03:57 CEST.
Flavor | Version | Tinstall | Tcheck | Ttotal | Status | Flags |
---|---|---|---|---|---|---|
r-devel-linux-x86_64-debian-clang | 5.5.1 | 27.12 | 123.42 | 150.54 | NOTE | |
r-devel-linux-x86_64-debian-gcc | 5.5.1 | 19.80 | 89.92 | 109.72 | NOTE | |
r-devel-linux-x86_64-fedora-clang | 5.5.1 | 194.88 | NOTE | |||
r-devel-linux-x86_64-fedora-gcc | 5.5.1 | 205.55 | NOTE | |||
r-devel-windows-x86_64 | 5.5.1 | 24.00 | 109.00 | 133.00 | NOTE | |
r-patched-linux-x86_64 | 5.5.1 | 18.36 | 117.00 | 135.36 | NOTE | |
r-release-linux-x86_64 | 5.5.1 | 17.78 | 119.38 | 137.16 | NOTE | |
r-release-macos-arm64 | 5.5.1 | 54.00 | NOTE | |||
r-release-macos-x86_64 | 5.5.1 | 95.00 | NOTE | |||
r-release-windows-x86_64 | 5.5.1 | 32.00 | 122.00 | 154.00 | NOTE | |
r-oldrel-macos-arm64 | 5.5.1 | 46.00 | NOTE | |||
r-oldrel-macos-x86_64 | 5.5.1 | 79.00 | NOTE | |||
r-oldrel-windows-x86_64 | 5.5.1 | 31.00 | 124.00 | 155.00 | NOTE |
Version: 5.5.1
Check: package dependencies
Result: NOTE
Packages suggested but not available for checking: 'cairoDevice', 'RGtk2'
Flavors: r-devel-linux-x86_64-debian-clang, r-devel-linux-x86_64-debian-gcc, r-devel-linux-x86_64-fedora-clang, r-devel-linux-x86_64-fedora-gcc, r-devel-windows-x86_64, r-patched-linux-x86_64, r-release-linux-x86_64, r-release-macos-arm64, r-release-macos-x86_64, r-release-windows-x86_64, r-oldrel-macos-arm64, r-oldrel-macos-x86_64, r-oldrel-windows-x86_64
Version: 5.5.1
Check: Rd files
Result: NOTE
checkRd: (-1) acquireAuditData.Rd:24: Escaped LaTeX specials: \_
checkRd: (-1) rattle.Rd:44: Escaped LaTeX specials: \_
Flavors: r-devel-linux-x86_64-debian-clang, r-devel-linux-x86_64-debian-gcc, r-devel-linux-x86_64-fedora-clang, r-devel-linux-x86_64-fedora-gcc, r-devel-windows-x86_64, r-patched-linux-x86_64, r-release-linux-x86_64, r-release-macos-arm64, r-release-macos-x86_64, r-release-windows-x86_64
Version: 5.5.1
Check: installed package size
Result: NOTE
installed size is 9.5Mb
sub-directories of 1Mb or more:
data 4.5Mb
etc 1.9Mb
po 1.2Mb
Flavors: r-devel-linux-x86_64-fedora-clang, r-devel-windows-x86_64, r-release-macos-arm64, r-release-macos-x86_64, r-release-windows-x86_64, r-oldrel-macos-arm64, r-oldrel-macos-x86_64, r-oldrel-windows-x86_64