Last updated on 2023-03-21 11:53:58 CET.
Flavor | Version | Tinstall | Tcheck | Ttotal | Status | Flags |
---|---|---|---|---|---|---|
r-devel-linux-x86_64-debian-clang | 0.29.4 | 466.17 | 85.04 | 551.21 | OK | |
r-devel-linux-x86_64-debian-gcc | 0.29.4 | 386.69 | 64.16 | 450.85 | OK | |
r-devel-linux-x86_64-fedora-clang | 0.29.4 | 853.96 | OK | |||
r-devel-linux-x86_64-fedora-gcc | 0.29.4 | 759.61 | OK | |||
r-patched-linux-x86_64 | 0.29.4 | 409.60 | 76.71 | 486.31 | OK | |
r-release-linux-x86_64 | 0.29.4 | 413.33 | 76.34 | 489.67 | OK | |
r-release-macos-arm64 | 0.29.4 | 153.00 | NOTE | |||
r-release-macos-x86_64 | 0.29.4 | 213.00 | NOTE | |||
r-release-windows-x86_64 | 0.29.4 | 397.00 | 144.00 | 541.00 | OK | |
r-oldrel-macos-arm64 | 0.29.4 | 146.00 | NOTE | |||
r-oldrel-macos-x86_64 | 0.29.4 | 220.00 | NOTE | |||
r-oldrel-windows-ix86+x86_64 | 0.29.4 | 1201.00 | 144.00 | 1345.00 | NOTE |
Version: 0.29.4
Check: installed package size
Result: NOTE
installed size is 20.0Mb
sub-directories of 1Mb or more:
libs 19.3Mb
Flavors: r-release-macos-arm64, r-release-macos-x86_64, r-oldrel-macos-arm64, r-oldrel-macos-x86_64, r-oldrel-windows-ix86+x86_64