CRAN Package Check Results for Package rayshader

Last updated on 2023-03-29 00:57:17 CEST.

Flavor Version Tinstall Tcheck Ttotal Status Flags
r-devel-linux-x86_64-debian-clang 0.24.10 124.30 135.44 259.74 OK
r-devel-linux-x86_64-debian-gcc 0.24.10 96.04 103.85 199.89 OK
r-devel-linux-x86_64-fedora-clang 0.24.10 362.70 OK
r-devel-linux-x86_64-fedora-gcc 0.24.10 342.10 OK
r-devel-windows-x86_64 0.24.10 145.00 0.00 145.00 WARN
r-patched-linux-x86_64 0.24.10 101.40 129.59 230.99 OK
r-release-linux-x86_64 0.24.10 108.05 130.85 238.90 OK
r-release-macos-arm64 0.24.10 84.00 NOTE
r-release-macos-x86_64 0.24.10 116.00 NOTE
r-release-windows-x86_64 0.24.10 153.00 216.00 369.00 OK
r-oldrel-macos-arm64 0.24.10 106.00 NOTE
r-oldrel-macos-x86_64 0.24.10 131.00 NOTE
r-oldrel-windows-ix86+x86_64 0.24.10 272.00 233.00 505.00 NOTE

Check Details

Version: 0.24.10
Check: whether the namespace can be loaded with stated dependencies
Result: WARN
    
    A namespace must be able to be loaded with just the base namespace
    loaded: otherwise if the namespace gets loaded by a saved object, the
    session will be unable to start.
    
    Probably some imports need to be declared in the NAMESPACE file.
Flavor: r-devel-windows-x86_64

Version: 0.24.10
Check: installed package size
Result: NOTE
     installed size is 6.9Mb
     sub-directories of 1Mb or more:
     data 2.9Mb
     libs 3.3Mb
Flavors: r-release-macos-arm64, r-release-macos-x86_64, r-oldrel-macos-arm64, r-oldrel-macos-x86_64, r-oldrel-windows-ix86+x86_64