CRAN Package Check Results for Package rbi.helpers

Last updated on 2021-11-29 15:51:23 CET.

Flavor Version Tinstall Tcheck Ttotal Status Flags
r-devel-linux-x86_64-debian-clang 0.3.2 10.20 88.98 99.18 OK
r-devel-linux-x86_64-debian-gcc 0.3.2 7.29 69.28 76.57 OK
r-devel-linux-x86_64-fedora-clang 0.3.2 127.72 OK
r-devel-linux-x86_64-fedora-gcc 0.3.2 113.55 OK
r-devel-windows-x86_64-new-UL 0.3.2 17.00 132.00 149.00 OK
r-devel-windows-x86_64-new-TK 0.3.2 OK
r-devel-windows-x86_64-old 0.3.2 14.00 83.00 97.00 OK
r-patched-linux-x86_64 0.3.2 13.00 115.02 128.02 WARN
r-patched-solaris-x86 0.3.2 210.50 WARN
r-release-linux-x86_64 0.3.2 8.38 109.29 117.67 WARN
r-release-macos-arm64 0.3.2 OK
r-release-macos-x86_64 0.3.2 OK
r-release-windows-ix86+x86_64 0.3.2 21.00 97.00 118.00 WARN
r-oldrel-macos-x86_64 0.3.2 OK
r-oldrel-windows-ix86+x86_64 0.3.2 14.00 92.00 106.00 WARN

Check Details

Version: 0.3.2
Check: re-building of vignette outputs
Result: WARN
    Error(s) in re-building vignettes:
     ...
    --- re-building ‘introduction.Rmd.rsp’ using rsp
    
    
    processing file: /home/hornik/tmp/R.check/r-patched-gcc/Work/PKGS/rbi.helpers.Rcheck/vign_test/rbi.helpers/vignettes/introduction.Rmd
     ordinary text without R code
    
    label: unnamed-chunk-1 (with options)
    List of 1
     $ echo: logi FALSE
    
     ordinary text without R code
    
    label: unnamed-chunk-2 (with options)
    List of 1
     $ eval: logi FALSE
    
     ordinary text without R code
    
    label: unnamed-chunk-3 (with options)
    List of 1
     $ eval: logi FALSE
    
     ordinary text without R code
    
    label: unnamed-chunk-4 (with options)
    List of 1
     $ eval: logi FALSE
    
     ordinary text without R code
    
    label: unnamed-chunk-5 (with options)
    List of 1
     $ echo: logi FALSE
    
     ordinary text without R code
    
    label: unnamed-chunk-6
     ordinary text without R code
    
    label: unnamed-chunk-7 (with options)
    List of 1
     $ eval: logi FALSE
    
     ordinary text without R code
    
    label: unnamed-chunk-8 (with options)
    List of 2
     $ echo: logi FALSE
     $ eval: logi TRUE
    
     ordinary text without R code
    
    label: unnamed-chunk-9 (with options)
    List of 1
     $ eval: logi TRUE
    
     ordinary text without R code
    
    label: unnamed-chunk-10 (with options)
    List of 1
     $ eval: logi TRUE
    
     ordinary text without R code
    
    label: unnamed-chunk-11 (with options)
    List of 1
     $ eval: logi TRUE
    
     ordinary text without R code
    
    label: unnamed-chunk-12 (with options)
    List of 1
     $ eval: logi TRUE
    
     ordinary text without R code
    
    label: unnamed-chunk-13 (with options)
    List of 1
     $ eval: logi FALSE
    
     ordinary text without R code
    
    label: unnamed-chunk-14 (with options)
    List of 2
     $ echo: logi FALSE
     $ eval: logi TRUE
    
     ordinary text without R code
    
    label: unnamed-chunk-15 (with options)
    List of 1
     $ eval: logi TRUE
    
     ordinary text without R code
    
    label: unnamed-chunk-16 (with options)
    List of 1
     $ eval: logi TRUE
    
     ordinary text without R code
    
    label: unnamed-chunk-17 (with options)
    List of 1
     $ eval: logi FALSE
    
    output file: introduction.md
    
    Error: processing vignette 'introduction.Rmd.rsp' failed with diagnostics:
    there is no package called ‘markdown’
    --- failed re-building ‘introduction.Rmd.rsp’
    
    SUMMARY: processing the following file failed:
     ‘introduction.Rmd.rsp’
    
    Error: Vignette re-building failed.
    Execution halted
Flavor: r-patched-linux-x86_64

Version: 0.3.2
Check: re-building of vignette outputs
Result: WARN
    Error(s) in re-building vignettes:
     ...
    --- re-building ‘introduction.Rmd.rsp’ using rsp
    Warning in parseRepos(sets = repos, where = where, fallback = fallback, :
     Had to fall back to a set of predefined repositories (please make sure to set your package repositories properly, cf. ?setRepositories): CRAN: ‘@CRAN@’ -> ‘https://cran.r-project.org’
    
    
    processing file: /home/ripley/R/packages/tests32/rbi.helpers.Rcheck/vign_test/rbi.helpers/vignettes/introduction.Rmd
     ordinary text without R code
    
    label: unnamed-chunk-1 (with options)
    List of 1
     $ echo: logi FALSE
    
     ordinary text without R code
    
    label: unnamed-chunk-2 (with options)
    List of 1
     $ eval: logi FALSE
    
     ordinary text without R code
    
    label: unnamed-chunk-3 (with options)
    List of 1
     $ eval: logi FALSE
    
     ordinary text without R code
    
    label: unnamed-chunk-4 (with options)
    List of 1
     $ eval: logi FALSE
    
     ordinary text without R code
    
    label: unnamed-chunk-5 (with options)
    List of 1
     $ echo: logi FALSE
    
     ordinary text without R code
    
    label: unnamed-chunk-6
     ordinary text without R code
    
    label: unnamed-chunk-7 (with options)
    List of 1
     $ eval: logi FALSE
    
     ordinary text without R code
    
    label: unnamed-chunk-8 (with options)
    List of 2
     $ echo: logi FALSE
     $ eval: logi TRUE
    
     ordinary text without R code
    
    label: unnamed-chunk-9 (with options)
    List of 1
     $ eval: logi TRUE
    
     ordinary text without R code
    
    label: unnamed-chunk-10 (with options)
    List of 1
     $ eval: logi TRUE
    
     ordinary text without R code
    
    label: unnamed-chunk-11 (with options)
    List of 1
     $ eval: logi TRUE
    
     ordinary text without R code
    
    label: unnamed-chunk-12 (with options)
    List of 1
     $ eval: logi TRUE
    
     ordinary text without R code
    
    label: unnamed-chunk-13 (with options)
    List of 1
     $ eval: logi FALSE
    
     ordinary text without R code
    
    label: unnamed-chunk-14 (with options)
    List of 2
     $ echo: logi FALSE
     $ eval: logi TRUE
    
     ordinary text without R code
    
    label: unnamed-chunk-15 (with options)
    List of 1
     $ eval: logi TRUE
    
     ordinary text without R code
    
    label: unnamed-chunk-16 (with options)
    List of 1
     $ eval: logi TRUE
    
     ordinary text without R code
    
    label: unnamed-chunk-17 (with options)
    List of 1
     $ eval: logi FALSE
    
    output file: introduction.md
    
    Error: processing vignette 'introduction.Rmd.rsp' failed with diagnostics:
    there is no package called ‘markdown’
    --- failed re-building ‘introduction.Rmd.rsp’
    
    SUMMARY: processing the following file failed:
     ‘introduction.Rmd.rsp’
    
    Error: Vignette re-building failed.
    Execution halted
Flavor: r-patched-solaris-x86

Version: 0.3.2
Check: re-building of vignette outputs
Result: WARN
    Error(s) in re-building vignettes:
     ...
    --- re-building ‘introduction.Rmd.rsp’ using rsp
    
    
    processing file: /home/hornik/tmp/R.check/r-release-gcc/Work/PKGS/rbi.helpers.Rcheck/vign_test/rbi.helpers/vignettes/introduction.Rmd
     ordinary text without R code
    
    label: unnamed-chunk-1 (with options)
    List of 1
     $ echo: logi FALSE
    
     ordinary text without R code
    
    label: unnamed-chunk-2 (with options)
    List of 1
     $ eval: logi FALSE
    
     ordinary text without R code
    
    label: unnamed-chunk-3 (with options)
    List of 1
     $ eval: logi FALSE
    
     ordinary text without R code
    
    label: unnamed-chunk-4 (with options)
    List of 1
     $ eval: logi FALSE
    
     ordinary text without R code
    
    label: unnamed-chunk-5 (with options)
    List of 1
     $ echo: logi FALSE
    
     ordinary text without R code
    
    label: unnamed-chunk-6
     ordinary text without R code
    
    label: unnamed-chunk-7 (with options)
    List of 1
     $ eval: logi FALSE
    
     ordinary text without R code
    
    label: unnamed-chunk-8 (with options)
    List of 2
     $ echo: logi FALSE
     $ eval: logi TRUE
    
     ordinary text without R code
    
    label: unnamed-chunk-9 (with options)
    List of 1
     $ eval: logi TRUE
    
     ordinary text without R code
    
    label: unnamed-chunk-10 (with options)
    List of 1
     $ eval: logi TRUE
    
     ordinary text without R code
    
    label: unnamed-chunk-11 (with options)
    List of 1
     $ eval: logi TRUE
    
     ordinary text without R code
    
    label: unnamed-chunk-12 (with options)
    List of 1
     $ eval: logi TRUE
    
     ordinary text without R code
    
    label: unnamed-chunk-13 (with options)
    List of 1
     $ eval: logi FALSE
    
     ordinary text without R code
    
    label: unnamed-chunk-14 (with options)
    List of 2
     $ echo: logi FALSE
     $ eval: logi TRUE
    
     ordinary text without R code
    
    label: unnamed-chunk-15 (with options)
    List of 1
     $ eval: logi TRUE
    
     ordinary text without R code
    
    label: unnamed-chunk-16 (with options)
    List of 1
     $ eval: logi TRUE
    
     ordinary text without R code
    
    label: unnamed-chunk-17 (with options)
    List of 1
     $ eval: logi FALSE
    
    output file: introduction.md
    
    Error: processing vignette 'introduction.Rmd.rsp' failed with diagnostics:
    there is no package called ‘markdown’
    --- failed re-building ‘introduction.Rmd.rsp’
    
    SUMMARY: processing the following file failed:
     ‘introduction.Rmd.rsp’
    
    Error: Vignette re-building failed.
    Execution halted
Flavor: r-release-linux-x86_64

Version: 0.3.2
Check: re-building of vignette outputs
Result: WARN
    Error(s) in re-building vignettes:
    --- re-building 'introduction.Rmd.rsp' using rsp
    Warning in parseRepos(sets = repos, where = where, fallback = fallback, :
     Had to fall back to a set of predefined repositories (please make sure to set your package repositories properly, cf. ?setRepositories): CRAN: '@CRAN@' -> 'https://cran.r-project.org'
    
    
    processing file: d:/RCompile/CRANpkg/local/4.1/rbi.helpers.Rcheck/vign_test/rbi.helpers/vignettes/introduction.Rmd
     ordinary text without R code
    
    label: unnamed-chunk-1 (with options)
    List of 1
     $ echo: logi FALSE
    
     ordinary text without R code
    
    label: unnamed-chunk-2 (with options)
    List of 1
     $ eval: logi FALSE
    
     ordinary text without R code
    
    label: unnamed-chunk-3 (with options)
    List of 1
     $ eval: logi FALSE
    
     ordinary text without R code
    
    label: unnamed-chunk-4 (with options)
    List of 1
     $ eval: logi FALSE
    
     ordinary text without R code
    
    label: unnamed-chunk-5 (with options)
    List of 1
     $ echo: logi FALSE
    
     ordinary text without R code
    
    label: unnamed-chunk-6
     ordinary text without R code
    
    label: unnamed-chunk-7 (with options)
    List of 1
     $ eval: logi FALSE
    
     ordinary text without R code
    
    label: unnamed-chunk-8 (with options)
    List of 2
     $ echo: logi FALSE
     $ eval: logi TRUE
    
     ordinary text without R code
    
    label: unnamed-chunk-9 (with options)
    List of 1
     $ eval: logi TRUE
    
     ordinary text without R code
    
    label: unnamed-chunk-10 (with options)
    List of 1
     $ eval: logi TRUE
    
     ordinary text without R code
    
    label: unnamed-chunk-11 (with options)
    List of 1
     $ eval: logi TRUE
    
     ordinary text without R code
    
    label: unnamed-chunk-12 (with options)
    List of 1
     $ eval: logi TRUE
    
     ordinary text without R code
    
    label: unnamed-chunk-13 (with options)
    List of 1
     $ eval: logi FALSE
    
     ordinary text without R code
    
    label: unnamed-chunk-14 (with options)
    List of 2
     $ echo: logi FALSE
     $ eval: logi TRUE
    
     ordinary text without R code
    
    label: unnamed-chunk-15 (with options)
    List of 1
     $ eval: logi TRUE
    
     ordinary text without R code
    
    label: unnamed-chunk-16 (with options)
    List of 1
     $ eval: logi TRUE
    
     ordinary text without R code
    
    label: unnamed-chunk-17 (with options)
    List of 1
     $ eval: logi FALSE
    
    output file: introduction.md
    
    Error: processing vignette 'introduction.Rmd.rsp' failed with diagnostics:
    there is no package called 'markdown'
    --- failed re-building 'introduction.Rmd.rsp'
    
    SUMMARY: processing the following file failed:
     'introduction.Rmd.rsp'
    
    Error: Vignette re-building failed.
    Execution halted
Flavor: r-release-windows-ix86+x86_64

Version: 0.3.2
Check: re-building of vignette outputs
Result: WARN
    Error(s) in re-building vignettes:
    --- re-building 'introduction.Rmd.rsp' using rsp
    Warning in parseRepos(sets = repos, where = where, fallback = fallback, :
     Had to fall back to a set of predefined repositories (please make sure to set your package repositories properly, cf. ?setRepositories): CRAN: '@CRAN@' -> 'https://cran.r-project.org'
    
    
    processing file: d:/RCompile/CRANpkg/local/4.0/rbi.helpers.Rcheck/vign_test/rbi.helpers/vignettes/introduction.Rmd
     ordinary text without R code
    
    label: unnamed-chunk-1 (with options)
    List of 1
     $ echo: logi FALSE
    
     ordinary text without R code
    
    label: unnamed-chunk-2 (with options)
    List of 1
     $ eval: logi FALSE
    
     ordinary text without R code
    
    label: unnamed-chunk-3 (with options)
    List of 1
     $ eval: logi FALSE
    
     ordinary text without R code
    
    label: unnamed-chunk-4 (with options)
    List of 1
     $ eval: logi FALSE
    
     ordinary text without R code
    
    label: unnamed-chunk-5 (with options)
    List of 1
     $ echo: logi FALSE
    
     ordinary text without R code
    
    label: unnamed-chunk-6
     ordinary text without R code
    
    label: unnamed-chunk-7 (with options)
    List of 1
     $ eval: logi FALSE
    
     ordinary text without R code
    
    label: unnamed-chunk-8 (with options)
    List of 2
     $ echo: logi FALSE
     $ eval: logi TRUE
    
     ordinary text without R code
    
    label: unnamed-chunk-9 (with options)
    List of 1
     $ eval: logi TRUE
    
     ordinary text without R code
    
    label: unnamed-chunk-10 (with options)
    List of 1
     $ eval: logi TRUE
    
     ordinary text without R code
    
    label: unnamed-chunk-11 (with options)
    List of 1
     $ eval: logi TRUE
    
     ordinary text without R code
    
    label: unnamed-chunk-12 (with options)
    List of 1
     $ eval: logi TRUE
    
     ordinary text without R code
    
    label: unnamed-chunk-13 (with options)
    List of 1
     $ eval: logi FALSE
    
     ordinary text without R code
    
    label: unnamed-chunk-14 (with options)
    List of 2
     $ echo: logi FALSE
     $ eval: logi TRUE
    
     ordinary text without R code
    
    label: unnamed-chunk-15 (with options)
    List of 1
     $ eval: logi TRUE
    
     ordinary text without R code
    
    label: unnamed-chunk-16 (with options)
    List of 1
     $ eval: logi TRUE
    
     ordinary text without R code
    
    label: unnamed-chunk-17 (with options)
    List of 1
     $ eval: logi FALSE
    
    output file: introduction.md
    
    Error: processing vignette 'introduction.Rmd.rsp' failed with diagnostics:
    there is no package called 'markdown'
    --- failed re-building 'introduction.Rmd.rsp'
    
    SUMMARY: processing the following file failed:
     'introduction.Rmd.rsp'
    
    Error: Vignette re-building failed.
    Execution halted
Flavor: r-oldrel-windows-ix86+x86_64