CRAN Package Check Results for Package rbounds

Last updated on 2021-12-03 15:52:29 CET.

Flavor Version Tinstall Tcheck Ttotal Status Flags
r-devel-linux-x86_64-debian-clang 2.1 2.45 34.39 36.84 NOTE
r-devel-linux-x86_64-debian-gcc 2.1 2.25 26.84 29.09 NOTE
r-devel-linux-x86_64-fedora-clang 2.1 55.70 NOTE
r-devel-linux-x86_64-fedora-gcc 2.1 44.42 NOTE
r-devel-windows-x86_64-new-UL 2.1 6.00 68.00 74.00 NOTE
r-devel-windows-x86_64-new-TK 2.1 NOTE
r-devel-windows-x86_64-old 2.1 4.00 44.00 48.00 NOTE
r-patched-linux-x86_64 2.1 3.08 32.98 36.06 NOTE
r-release-linux-x86_64 2.1 2.34 33.09 35.43 NOTE
r-release-macos-arm64 2.1 NOTE
r-release-macos-x86_64 2.1 NOTE
r-release-windows-ix86+x86_64 2.1 6.00 52.00 58.00 NOTE
r-oldrel-macos-x86_64 2.1 NOTE
r-oldrel-windows-ix86+x86_64 2.1 6.00 53.00 59.00 NOTE

Check Details

Version: 2.1
Check: DESCRIPTION meta-information
Result: NOTE
    Malformed Title field: should not end in a period.
Flavors: r-devel-linux-x86_64-debian-clang, r-devel-linux-x86_64-debian-gcc, r-devel-linux-x86_64-fedora-clang, r-devel-linux-x86_64-fedora-gcc, r-devel-windows-x86_64-new-UL, r-devel-windows-x86_64-new-TK, r-devel-windows-x86_64-old, r-patched-linux-x86_64, r-release-linux-x86_64, r-release-macos-arm64, r-release-macos-x86_64, r-release-windows-ix86+x86_64, r-oldrel-macos-x86_64, r-oldrel-windows-ix86+x86_64

Version: 2.1
Check: R code for possible problems
Result: NOTE
    SumTestSens: no visible global function definition for 'pnorm'
    binarysens: no visible global function definition for 'dbinom'
    hlsens: no visible global function definition for 'wilcox.test'
    iv_sens: no visible global function definition for 'pnorm'
    mcontrol: no visible global function definition for 'pnorm'
    psens: no visible global function definition for 'pnorm'
    Undefined global functions or variables:
     dbinom pnorm wilcox.test
    Consider adding
     importFrom("stats", "dbinom", "pnorm", "wilcox.test")
    to your NAMESPACE file.
Flavors: r-devel-linux-x86_64-debian-clang, r-devel-linux-x86_64-debian-gcc, r-devel-linux-x86_64-fedora-clang, r-devel-linux-x86_64-fedora-gcc, r-devel-windows-x86_64-new-UL, r-devel-windows-x86_64-new-TK, r-devel-windows-x86_64-old, r-patched-linux-x86_64, r-release-linux-x86_64, r-release-macos-arm64, r-release-macos-x86_64, r-release-windows-ix86+x86_64, r-oldrel-macos-x86_64, r-oldrel-windows-ix86+x86_64