CRAN Package Check Results for Package rbtc

Last updated on 2022-01-26 23:50:29 CET.

Flavor Version Tinstall Tcheck Ttotal Status Flags
r-devel-linux-x86_64-debian-clang 0.1-6 6.47 47.40 53.87 NOTE
r-devel-linux-x86_64-debian-gcc 0.1-6 5.09 36.63 41.72 NOTE
r-devel-linux-x86_64-fedora-clang 0.1-6 66.64 NOTE
r-devel-linux-x86_64-fedora-gcc 0.1-6 54.33 NOTE
r-devel-windows-x86_64-new-UL 0.1-6 72.00 71.00 143.00 NOTE
r-devel-windows-x86_64-new-TK 0.1-6 NOTE
r-patched-linux-x86_64 0.1-6 9.74 46.67 56.41 NOTE
r-release-linux-x86_64 0.1-6 6.66 45.21 51.87 NOTE
r-release-macos-arm64 0.1-6 NOTE
r-release-macos-x86_64 0.1-6 NOTE
r-release-windows-ix86+x86_64 0.1-6 14.00 60.00 74.00 NOTE
r-oldrel-macos-x86_64 0.1-6 OK
r-oldrel-windows-ix86+x86_64 0.1-6 14.00 60.00 74.00 OK

Check Details

Version: 0.1-6
Check: LazyData
Result: NOTE
     'LazyData' is specified without a 'data' directory
Flavors: r-devel-linux-x86_64-debian-clang, r-devel-linux-x86_64-debian-gcc, r-devel-linux-x86_64-fedora-clang, r-devel-linux-x86_64-fedora-gcc, r-devel-windows-x86_64-new-UL, r-devel-windows-x86_64-new-TK, r-patched-linux-x86_64, r-release-linux-x86_64, r-release-macos-arm64, r-release-macos-x86_64, r-release-windows-ix86+x86_64