CRAN Package Check Results for Package rcdklibs

Last updated on 2023-09-24 21:04:53 CEST.

Flavor Version Tinstall Tcheck Ttotal Status Flags
r-devel-linux-x86_64-debian-clang 2.8 5.29 40.70 45.99 OK
r-devel-linux-x86_64-debian-gcc 2.8 4.66 31.32 35.98 OK
r-devel-linux-x86_64-fedora-clang 2.8 55.92 NOTE
r-devel-linux-x86_64-fedora-gcc 2.8 56.05 OK
r-devel-windows-x86_64 2.8 6.00 48.00 54.00 NOTE
r-patched-linux-x86_64 2.8 6.55 39.84 46.39 OK
r-release-linux-x86_64 2.8 5.72 40.20 45.92 OK
r-release-macos-arm64 2.8 21.00 NOTE
r-release-macos-x86_64 2.8 33.00 NOTE
r-release-windows-x86_64 2.8 6.00 60.00 66.00 NOTE
r-oldrel-macos-arm64 2.8 24.00 NOTE
r-oldrel-macos-x86_64 2.8 30.00 NOTE
r-oldrel-windows-x86_64 2.8 45.00 69.00 114.00 NOTE

Check Details

Version: 2.8
Check: installed package size
Result: NOTE
     installed size is 24.4Mb
     sub-directories of 1Mb or more:
     cont 24.3Mb
Flavors: r-devel-linux-x86_64-fedora-clang, r-devel-windows-x86_64, r-release-macos-arm64, r-release-macos-x86_64, r-release-windows-x86_64, r-oldrel-macos-arm64, r-oldrel-macos-x86_64, r-oldrel-windows-x86_64