CRAN Package Check Results for Package rddtools

Last updated on 2024-03-05 08:18:38 CET.

Flavor Version Tinstall Tcheck Ttotal Status Flags
r-devel-linux-x86_64-debian-clang 1.6.0 15.05 170.43 185.48 OK
r-devel-linux-x86_64-debian-gcc 1.6.0 11.88 130.06 141.94 OK
r-devel-linux-x86_64-fedora-clang 1.6.0 224.73 NOTE
r-devel-linux-x86_64-fedora-gcc 1.6.0 230.96 NOTE
r-devel-windows-x86_64 1.6.0 14.00 139.00 153.00 OK
r-patched-linux-x86_64 1.6.0 25.55 164.06 189.61 OK
r-release-linux-x86_64 1.6.0 14.62 165.64 180.26 OK
r-release-macos-arm64 1.6.0 82.00 OK
r-release-macos-x86_64 1.6.0 121.00 OK
r-release-windows-x86_64 1.6.0 19.00 172.00 191.00 OK
r-oldrel-macos-arm64 1.6.0 70.00 NOTE
r-oldrel-windows-x86_64 1.6.0 21.00 163.00 184.00 OK

Check Details

Version: 1.6.0
Check: dependencies in R code
Result: NOTE Namespace in Imports field not imported from: ‘rmarkdown’ All declared Imports should be used. Flavors: r-devel-linux-x86_64-fedora-clang, r-devel-linux-x86_64-fedora-gcc, r-oldrel-macos-arm64