CRAN Package Check Results for Package rdoc

Last updated on 2024-03-03 04:48:46 CET.

Flavor Version Tinstall Tcheck Ttotal Status Flags
r-devel-linux-x86_64-debian-clang 0.1.0 4.28 39.93 44.21 NOTE
r-devel-linux-x86_64-debian-gcc 0.1.0 3.71 32.45 36.16 NOTE
r-devel-linux-x86_64-fedora-clang 0.1.0 55.97 NOTE
r-devel-linux-x86_64-fedora-gcc 0.1.0 58.94 NOTE
r-devel-windows-x86_64 0.1.0 4.00 57.00 61.00 NOTE
r-patched-linux-x86_64 0.1.0 4.78 42.39 47.17 NOTE
r-release-linux-x86_64 0.1.0 4.23 42.48 46.71 NOTE
r-release-macos-arm64 0.1.0 21.00 NOTE
r-release-macos-x86_64 0.1.0 28.00 NOTE
r-release-windows-x86_64 0.1.0 4.00 64.00 68.00 NOTE
r-oldrel-macos-arm64 0.1.0 21.00 NOTE
r-oldrel-windows-x86_64 0.1.0 5.00 67.00 72.00 NOTE

Check Details

Version: 0.1.0
Check: Rd metadata
Result: NOTE Invalid package aliases in Rd file 'rdoc_options.Rd': ‘rdoc_options-package’ Flavors: r-devel-linux-x86_64-debian-clang, r-devel-linux-x86_64-debian-gcc, r-devel-linux-x86_64-fedora-clang, r-devel-linux-x86_64-fedora-gcc, r-devel-windows-x86_64

Version: 0.1.0
Check: LazyData
Result: NOTE 'LazyData' is specified without a 'data' directory Flavors: r-devel-linux-x86_64-debian-clang, r-devel-linux-x86_64-debian-gcc, r-devel-linux-x86_64-fedora-clang, r-devel-linux-x86_64-fedora-gcc, r-devel-windows-x86_64, r-patched-linux-x86_64, r-release-linux-x86_64, r-release-macos-arm64, r-release-macos-x86_64, r-release-windows-x86_64, r-oldrel-macos-arm64, r-oldrel-windows-x86_64

Version: 0.1.0
Check: dependencies in R code
Result: NOTE Namespace in Imports field not imported from: ‘R6’ All declared Imports should be used. Flavors: r-devel-linux-x86_64-fedora-clang, r-devel-linux-x86_64-fedora-gcc