CRAN Package Check Results for Package rdrop2

Last updated on 2022-01-22 11:51:09 CET.

Flavor Version Tinstall Tcheck Ttotal Status Flags
r-devel-linux-x86_64-debian-clang 0.8.2.1 2.86 36.04 38.90 NOTE
r-devel-linux-x86_64-debian-gcc 0.8.2.1 2.14 28.47 30.61 NOTE
r-devel-linux-x86_64-fedora-clang 0.8.2.1 48.24 NOTE
r-devel-linux-x86_64-fedora-gcc 0.8.2.1 37.31 NOTE
r-devel-windows-x86_64-new-UL 0.8.2.1 25.00 57.00 82.00 NOTE
r-devel-windows-x86_64-new-TK 0.8.2.1 NOTE
r-patched-linux-x86_64 0.8.2.1 2.53 35.17 37.70 NOTE
r-release-linux-x86_64 0.8.2.1 2.42 35.15 37.57 NOTE
r-release-macos-arm64 0.8.2.1 NOTE
r-release-macos-x86_64 0.8.2.1 NOTE
r-release-windows-ix86+x86_64 0.8.2.1 7.00 43.00 50.00 NOTE
r-oldrel-macos-x86_64 0.8.2.1 OK
r-oldrel-windows-ix86+x86_64 0.8.2.1 8.00 45.00 53.00 OK

Check Details

Version: 0.8.2.1
Check: LazyData
Result: NOTE
     'LazyData' is specified without a 'data' directory
Flavors: r-devel-linux-x86_64-debian-clang, r-devel-linux-x86_64-debian-gcc, r-devel-linux-x86_64-fedora-clang, r-devel-linux-x86_64-fedora-gcc, r-devel-windows-x86_64-new-UL, r-devel-windows-x86_64-new-TK, r-patched-linux-x86_64, r-release-linux-x86_64, r-release-macos-arm64, r-release-macos-x86_64, r-release-windows-ix86+x86_64