Last updated on 2023-11-29 04:01:10 CET.
Flavor | Version | Tinstall | Tcheck | Ttotal | Status | Flags |
---|---|---|---|---|---|---|
r-devel-linux-x86_64-debian-clang | 1.4 | 7.04 | 47.37 | 54.41 | OK | |
r-devel-linux-x86_64-debian-gcc | 1.4 | 5.68 | 34.61 | 40.29 | OK | |
r-devel-linux-x86_64-fedora-clang | 1.4 | 68.11 | NOTE | |||
r-devel-linux-x86_64-fedora-gcc | 1.4 | 75.24 | NOTE | |||
r-devel-windows-x86_64 | 1.4 | 8.00 | 52.00 | 60.00 | OK | |
r-patched-linux-x86_64 | 1.4 | 7.34 | 43.01 | 50.35 | OK | |
r-release-linux-x86_64 | 1.4 | 6.23 | 42.94 | 49.17 | OK | |
r-release-macos-arm64 | 1.4 | 30.00 | OK | |||
r-release-macos-x86_64 | 1.4 | 44.00 | OK | |||
r-release-windows-x86_64 | 1.4 | 10.00 | 57.00 | 67.00 | OK | |
r-oldrel-macos-arm64 | 1.4 | 23.00 | NOTE | |||
r-oldrel-macos-x86_64 | 1.4 | 32.00 | NOTE | |||
r-oldrel-windows-x86_64 | 1.4 | 10.00 | 60.00 | 70.00 | OK |
Version: 1.4
Check: dependencies in R code
Result: NOTE
Namespace in Imports field not imported from: ‘gtools’
All declared Imports should be used.
Flavors: r-devel-linux-x86_64-fedora-clang, r-devel-linux-x86_64-fedora-gcc, r-oldrel-macos-arm64, r-oldrel-macos-x86_64