CRAN Package Check Results for Package reactable

Last updated on 2021-10-22 04:55:00 CEST.

Flavor Version Tinstall Tcheck Ttotal Status Flags
r-devel-linux-x86_64-debian-clang 0.2.3 3.14 35.45 38.59 NOTE
r-devel-linux-x86_64-debian-gcc 0.2.3 2.77 28.11 30.88 NOTE
r-devel-linux-x86_64-fedora-clang 0.2.3 59.08 NOTE
r-devel-linux-x86_64-fedora-gcc 0.2.3 47.14 NOTE
r-devel-windows-x86_64 0.2.3 7.00 48.00 55.00 NOTE
r-devel-windows-x86_64-gcc10-UCRT 0.2.3 NOTE
r-patched-linux-x86_64 0.2.3 4.29 35.42 39.71 NOTE
r-patched-solaris-x86 0.2.3 72.10 NOTE
r-release-linux-x86_64 0.2.3 3.18 35.03 38.21 NOTE
r-release-macos-arm64 0.2.3 NOTE
r-release-macos-x86_64 0.2.3 NOTE
r-release-windows-ix86+x86_64 0.2.3 5.00 56.00 61.00 NOTE
r-oldrel-macos-x86_64 0.2.3 OK
r-oldrel-windows-ix86+x86_64 0.2.3 8.00 59.00 67.00 OK

Check Details

Version: 0.2.3
Check: LazyData
Result: NOTE
     'LazyData' is specified without a 'data' directory
Flavors: r-devel-linux-x86_64-debian-clang, r-devel-linux-x86_64-debian-gcc, r-devel-linux-x86_64-fedora-clang, r-devel-linux-x86_64-fedora-gcc, r-devel-windows-x86_64, r-devel-windows-x86_64-gcc10-UCRT, r-patched-linux-x86_64, r-patched-solaris-x86, r-release-linux-x86_64, r-release-macos-arm64, r-release-macos-x86_64, r-release-windows-ix86+x86_64