CRAN Package Check Results for Package read.dbc

Last updated on 2021-10-16 13:04:07 CEST.

Flavor Version Tinstall Tcheck Ttotal Status Flags
r-devel-linux-x86_64-debian-clang 1.0.5 2.70 19.33 22.03 NOTE
r-devel-linux-x86_64-debian-gcc 1.0.5 2.00 15.29 17.29 NOTE
r-devel-linux-x86_64-fedora-clang 1.0.5 36.63 NOTE
r-devel-linux-x86_64-fedora-gcc 1.0.5 26.21 NOTE
r-devel-windows-x86_64 1.0.5 4.00 30.00 34.00 NOTE
r-devel-windows-x86_64-gcc10-UCRT 1.0.5 NOTE
r-patched-linux-x86_64 1.0.5 2.54 18.72 21.26 NOTE
r-patched-solaris-x86 1.0.5 42.10 NOTE
r-release-linux-x86_64 1.0.5 2.48 18.62 21.10 NOTE
r-release-macos-arm64 1.0.5 NOTE
r-release-macos-x86_64 1.0.5 NOTE
r-release-windows-ix86+x86_64 1.0.5 8.00 35.00 43.00 NOTE
r-oldrel-macos-x86_64 1.0.5 OK
r-oldrel-windows-ix86+x86_64 1.0.5 18.00 41.00 59.00 OK

Check Details

Version: 1.0.5
Check: LazyData
Result: NOTE
     'LazyData' is specified without a 'data' directory
Flavors: r-devel-linux-x86_64-debian-clang, r-devel-linux-x86_64-debian-gcc, r-devel-linux-x86_64-fedora-clang, r-devel-linux-x86_64-fedora-gcc, r-devel-windows-x86_64, r-devel-windows-x86_64-gcc10-UCRT, r-patched-linux-x86_64, r-patched-solaris-x86, r-release-linux-x86_64, r-release-macos-arm64, r-release-macos-x86_64, r-release-windows-ix86+x86_64

Version: 1.0.5
Check: compiled code
Result: NOTE
    File ‘read.dbc/libs/read.dbc.so’:
     Found no calls to: ‘R_registerRoutines’, ‘R_useDynamicSymbols’
    
    It is good practice to register native routines and to disable symbol
    search.
    
    See ‘Writing portable packages’ in the ‘Writing R Extensions’ manual.
Flavors: r-devel-linux-x86_64-fedora-clang, r-devel-linux-x86_64-fedora-gcc