Last updated on 2023-03-23 23:52:00 CET.
Flavor | Version | Tinstall | Tcheck | Ttotal | Status | Flags |
---|---|---|---|---|---|---|
r-devel-linux-x86_64-debian-clang | 0.3.0 | 24.38 | 28.80 | 53.18 | NOTE | |
r-devel-linux-x86_64-debian-gcc | 0.3.0 | 19.27 | 23.00 | 42.27 | NOTE | |
r-devel-linux-x86_64-fedora-clang | 0.3.0 | 75.39 | NOTE | |||
r-devel-linux-x86_64-fedora-gcc | 0.3.0 | 67.54 | NOTE | |||
r-patched-linux-x86_64 | 0.3.0 | 20.85 | 29.49 | 50.34 | NOTE | |
r-release-linux-x86_64 | 0.3.0 | 19.94 | 29.79 | 49.73 | NOTE | |
r-release-macos-arm64 | 0.3.0 | 23.00 | NOTE | |||
r-release-macos-x86_64 | 0.3.0 | 30.00 | NOTE | |||
r-release-windows-x86_64 | 0.3.0 | 37.00 | 103.00 | 140.00 | NOTE | |
r-oldrel-macos-arm64 | 0.3.0 | 28.00 | NOTE | |||
r-oldrel-macos-x86_64 | 0.3.0 | 42.00 | NOTE | |||
r-oldrel-windows-ix86+x86_64 | 0.3.0 | 55.00 | 84.00 | 139.00 | NOTE |
Version: 0.3.0
Check: LazyData
Result: NOTE
'LazyData' is specified without a 'data' directory
Flavors: r-devel-linux-x86_64-debian-clang, r-devel-linux-x86_64-debian-gcc, r-devel-linux-x86_64-fedora-clang, r-devel-linux-x86_64-fedora-gcc, r-patched-linux-x86_64, r-release-linux-x86_64, r-release-macos-arm64, r-release-macos-x86_64, r-release-windows-x86_64, r-oldrel-macos-arm64, r-oldrel-macos-x86_64, r-oldrel-windows-ix86+x86_64