CRAN Package Check Results for Package readsdr

Last updated on 2021-12-05 11:49:43 CET.

Flavor Version Tinstall Tcheck Ttotal Status Flags
r-devel-linux-x86_64-debian-clang 0.2.0 4.49 50.67 55.16 NOTE
r-devel-linux-x86_64-debian-gcc 0.2.0 3.38 39.34 42.72 NOTE
r-devel-linux-x86_64-fedora-clang 0.2.0 67.92 NOTE
r-devel-linux-x86_64-fedora-gcc 0.2.0 56.56 NOTE
r-devel-windows-x86_64-new-UL 0.2.0 12.00 84.00 96.00 NOTE
r-devel-windows-x86_64-new-TK 0.2.0 NOTE
r-devel-windows-x86_64-old 0.2.0 7.00 56.00 63.00 NOTE
r-patched-linux-x86_64 0.2.0 4.40 39.98 44.38 NOTE
r-release-linux-x86_64 0.2.0 3.39 48.44 51.83 NOTE
r-release-macos-arm64 0.2.0 NOTE
r-release-macos-x86_64 0.2.0 NOTE
r-release-windows-ix86+x86_64 0.2.0 8.00 60.00 68.00 NOTE
r-oldrel-macos-x86_64 0.2.0 OK
r-oldrel-windows-ix86+x86_64 0.2.0 9.00 60.00 69.00 OK

Check Details

Version: 0.2.0
Check: LazyData
Result: NOTE
     'LazyData' is specified without a 'data' directory
Flavors: r-devel-linux-x86_64-debian-clang, r-devel-linux-x86_64-debian-gcc, r-devel-linux-x86_64-fedora-clang, r-devel-linux-x86_64-fedora-gcc, r-devel-windows-x86_64-new-UL, r-devel-windows-x86_64-new-TK, r-devel-windows-x86_64-old, r-patched-linux-x86_64, r-release-linux-x86_64, r-release-macos-arm64, r-release-macos-x86_64, r-release-windows-ix86+x86_64