Last updated on 2023-03-28 16:51:54 CEST.
Flavor | Version | Tinstall | Tcheck | Ttotal | Status | Flags |
---|---|---|---|---|---|---|
r-devel-linux-x86_64-debian-clang | 0.1.5-3 | 37.48 | 80.75 | 118.23 | NOTE | |
r-devel-linux-x86_64-debian-gcc | 0.1.5-3 | 36.16 | 60.97 | 97.13 | NOTE | |
r-devel-linux-x86_64-fedora-clang | 0.1.5-3 | 164.20 | NOTE | |||
r-devel-linux-x86_64-fedora-gcc | 0.1.5-3 | 156.24 | NOTE | |||
r-patched-linux-x86_64 | 0.1.5-3 | 37.43 | 76.36 | 113.79 | NOTE | |
r-release-linux-x86_64 | 0.1.5-3 | 41.66 | 76.39 | 118.05 | OK | |
r-release-macos-arm64 | 0.1.5-3 | 44.00 | OK | |||
r-release-macos-x86_64 | 0.1.5-3 | 59.00 | OK | |||
r-release-windows-x86_64 | 0.1.5-3 | 86.00 | 124.00 | 210.00 | OK | |
r-oldrel-macos-arm64 | 0.1.5-3 | 47.00 | OK | |||
r-oldrel-macos-x86_64 | 0.1.5-3 | 63.00 | OK | |||
r-oldrel-windows-ix86+x86_64 | 0.1.5-3 | 95.00 | 140.00 | 235.00 | OK |
Version: 0.1.5-3
Check: C++ specification
Result: NOTE
Specified C++11: please drop specification unless essential
Flavors: r-devel-linux-x86_64-debian-clang, r-devel-linux-x86_64-debian-gcc, r-devel-linux-x86_64-fedora-clang, r-devel-linux-x86_64-fedora-gcc, r-patched-linux-x86_64