CRAN Package Check Results for Package rearrr

Last updated on 2021-11-30 11:52:07 CET.

Flavor Version Tinstall Tcheck Ttotal Status Flags
r-devel-linux-x86_64-debian-clang 0.3.0 13.40 158.06 171.46 OK
r-devel-linux-x86_64-debian-gcc 0.3.0 11.52 116.68 128.20 OK
r-devel-linux-x86_64-fedora-clang 0.3.0 212.60 NOTE
r-devel-linux-x86_64-fedora-gcc 0.3.0 198.23 NOTE
r-devel-windows-x86_64-new-UL 0.3.0 32.00 217.00 249.00 OK
r-devel-windows-x86_64-new-TK 0.3.0 NOTE
r-devel-windows-x86_64-old 0.3.0 23.00 139.00 162.00 OK
r-patched-linux-x86_64 0.3.0 15.98 146.22 162.20 OK
r-patched-solaris-x86 0.3.0 245.80 NOTE
r-release-linux-x86_64 0.3.0 11.42 147.35 158.77 OK
r-release-macos-arm64 0.3.0 NOTE
r-release-macos-x86_64 0.3.0 NOTE
r-release-windows-ix86+x86_64 0.3.0 26.00 168.00 194.00 OK
r-oldrel-macos-x86_64 0.3.0 NOTE
r-oldrel-windows-ix86+x86_64 0.3.0 17.00 137.00 154.00 OK

Check Details

Version: 0.3.0
Check: dependencies in R code
Result: NOTE
    Namespace in Imports field not imported from: ‘R6’
     All declared Imports should be used.
Flavors: r-devel-linux-x86_64-fedora-clang, r-devel-linux-x86_64-fedora-gcc, r-devel-windows-x86_64-new-TK, r-patched-solaris-x86, r-release-macos-arm64, r-release-macos-x86_64, r-oldrel-macos-x86_64