CRAN Package Check Results for Package reclin

Last updated on 2023-05-28 20:57:55 CEST.

Flavor Version Tinstall Tcheck Ttotal Status Flags
r-devel-linux-x86_64-debian-clang 0.1.2 27.22 73.38 100.60 NOTE
r-devel-linux-x86_64-debian-gcc 0.1.2 17.60 53.47 71.07 NOTE
r-devel-linux-x86_64-fedora-clang 0.1.2 134.44 NOTE
r-devel-linux-x86_64-fedora-gcc 0.1.2 133.80 NOTE
r-devel-windows-x86_64 0.1.2 26.00 96.00 122.00 NOTE
r-patched-linux-x86_64 0.1.2 26.84 66.88 93.72 NOTE
r-release-linux-x86_64 0.1.2 22.17 65.30 87.47 NOTE
r-release-macos-arm64 0.1.2 50.00 NOTE
r-release-macos-x86_64 0.1.2 76.00 NOTE
r-release-windows-x86_64 0.1.2 31.00 108.00 139.00 NOTE
r-oldrel-macos-arm64 0.1.2 41.00 OK
r-oldrel-macos-x86_64 0.1.2 70.00 OK
r-oldrel-windows-x86_64 0.1.2 29.00 105.00 134.00 OK

Check Details

Version: 0.1.2
Check: C++ specification
Result: NOTE
     Specified C++11: please drop specification unless essential
Flavors: r-devel-linux-x86_64-debian-clang, r-devel-linux-x86_64-debian-gcc, r-devel-linux-x86_64-fedora-clang, r-devel-linux-x86_64-fedora-gcc, r-devel-windows-x86_64, r-patched-linux-x86_64, r-release-linux-x86_64, r-release-macos-arm64, r-release-macos-x86_64, r-release-windows-x86_64