CRAN Package Check Results for Package reconstructKM

Last updated on 2022-01-18 07:52:37 CET.

Flavor Version Tinstall Tcheck Ttotal Status Flags
r-devel-linux-x86_64-debian-clang 0.3.0 11.96 157.74 169.70 OK
r-devel-linux-x86_64-debian-gcc 0.3.0 10.37 115.76 126.13 OK
r-devel-linux-x86_64-fedora-clang 0.3.0 199.23 OK
r-devel-linux-x86_64-fedora-gcc 0.3.0 187.76 OK
r-devel-windows-x86_64-new-UL 0.3.0 60.00 186.00 246.00 OK
r-devel-windows-x86_64-new-TK 0.3.0 ERROR
r-patched-linux-x86_64 0.3.0 10.21 150.34 160.55 OK
r-release-linux-x86_64 0.3.0 OK
r-release-macos-arm64 0.3.0 OK
r-release-macos-x86_64 0.3.0 OK
r-release-windows-ix86+x86_64 0.3.0 29.00 189.00 218.00 OK
r-oldrel-macos-x86_64 0.3.0 OK
r-oldrel-windows-ix86+x86_64 0.3.0 29.00 189.00 218.00 OK

Check Details

Version: 0.3.0
Check: package dependencies
Result: ERROR
    Package required but not available: 'survminer'
    
    See section 'The DESCRIPTION file' in the 'Writing R Extensions'
    manual.
Flavor: r-devel-windows-x86_64-new-TK