Last updated on 2023-03-28 09:53:56 CEST.
Flavor | Version | Tinstall | Tcheck | Ttotal | Status | Flags |
---|---|---|---|---|---|---|
r-devel-linux-x86_64-debian-clang | 0.3.2 | 48.71 | 37.13 | 85.84 | NOTE | |
r-devel-linux-x86_64-debian-gcc | 0.3.2 | 39.49 | 27.75 | 67.24 | NOTE | |
r-devel-linux-x86_64-fedora-clang | 0.3.2 | 135.14 | NOTE | |||
r-devel-linux-x86_64-fedora-gcc | 0.3.2 | 121.19 | NOTE | |||
r-patched-linux-x86_64 | 0.3.2 | 47.78 | 33.69 | 81.47 | NOTE | |
r-release-linux-x86_64 | 0.3.2 | 47.60 | 35.00 | 82.60 | OK | |
r-release-macos-arm64 | 0.3.2 | 34.00 | OK | |||
r-release-macos-x86_64 | 0.3.2 | 49.00 | OK | |||
r-release-windows-x86_64 | 0.3.2 | 50.00 | 110.00 | 160.00 | OK | |
r-oldrel-macos-arm64 | 0.3.2 | 32.00 | OK | |||
r-oldrel-macos-x86_64 | 0.3.2 | 49.00 | OK | |||
r-oldrel-windows-ix86+x86_64 | 0.3.2 | 116.00 | 94.00 | 210.00 | OK |
Version: 0.3.2
Check: C++ specification
Result: NOTE
Specified C++11: please drop specification unless essential
Flavors: r-devel-linux-x86_64-debian-clang, r-devel-linux-x86_64-debian-gcc, r-devel-linux-x86_64-fedora-clang, r-devel-linux-x86_64-fedora-gcc, r-patched-linux-x86_64