Last updated on 2023-10-02 09:05:00 CEST.
Flavor | Version | Tinstall | Tcheck | Ttotal | Status | Flags |
---|---|---|---|---|---|---|
r-devel-linux-x86_64-debian-clang | 0.3.3 | 4.35 | 45.89 | 50.24 | NOTE | |
r-devel-linux-x86_64-debian-gcc | 0.3.3 | 3.72 | 34.65 | 38.37 | NOTE | |
r-devel-linux-x86_64-fedora-clang | 0.3.3 | 65.97 | NOTE | |||
r-devel-linux-x86_64-fedora-gcc | 0.3.3 | 70.85 | NOTE | |||
r-devel-windows-x86_64 | 0.3.3 | 7.00 | 56.00 | 63.00 | NOTE | |
r-patched-linux-x86_64 | 0.3.3 | 5.20 | 43.90 | 49.10 | NOTE | |
r-release-linux-x86_64 | 0.3.3 | 5.08 | 43.52 | 48.60 | NOTE | |
r-release-macos-arm64 | 0.3.3 | 28.00 | NOTE | |||
r-release-macos-x86_64 | 0.3.3 | 43.00 | NOTE | |||
r-release-windows-x86_64 | 0.3.3 | 7.00 | 61.00 | 68.00 | NOTE | |
r-oldrel-macos-arm64 | 0.3.3 | 24.00 | NOTE | |||
r-oldrel-macos-x86_64 | 0.3.3 | 43.00 | NOTE | |||
r-oldrel-windows-x86_64 | 0.3.3 | 8.00 | 61.00 | 69.00 | NOTE |
Version: 0.3.3
Check: LazyData
Result: NOTE
'LazyData' is specified without a 'data' directory
Flavors: r-devel-linux-x86_64-debian-clang, r-devel-linux-x86_64-debian-gcc, r-devel-linux-x86_64-fedora-clang, r-devel-linux-x86_64-fedora-gcc, r-devel-windows-x86_64, r-patched-linux-x86_64, r-release-linux-x86_64, r-release-macos-arm64, r-release-macos-x86_64, r-release-windows-x86_64, r-oldrel-macos-arm64, r-oldrel-macos-x86_64, r-oldrel-windows-x86_64