CRAN Package Check Results for Package regRSM

Last updated on 2022-01-26 23:50:30 CET.

Flavor Version Tinstall Tcheck Ttotal Status Flags
r-devel-linux-x86_64-debian-clang 0.5 2.73 65.37 68.10 OK
r-devel-linux-x86_64-debian-gcc 0.5 2.72 50.43 53.15 OK
r-devel-linux-x86_64-fedora-clang 0.5 88.19 OK
r-devel-linux-x86_64-fedora-gcc 0.5 76.69 OK
r-devel-windows-x86_64-new-UL 0.5 23.00 75.00 98.00 OK
r-devel-windows-x86_64-new-TK 0.5 OK
r-patched-linux-x86_64 0.5 3.69 63.60 67.29 OK
r-release-linux-x86_64 0.5 3.48 64.35 67.83 OK
r-release-macos-arm64 0.5 ERROR
r-release-macos-x86_64 0.5 ERROR
r-release-windows-ix86+x86_64 0.5 6.00 70.00 76.00 OK
r-oldrel-macos-x86_64 0.5 ERROR
r-oldrel-windows-ix86+x86_64 0.5 6.00 73.00 79.00 OK

Check Details

Version: 0.5
Check: package dependencies
Result: ERROR
    Package required but not available: ‘Rmpi’
    
    See section ‘The DESCRIPTION file’ in the ‘Writing R Extensions’
    manual.
Flavors: r-release-macos-arm64, r-release-macos-x86_64, r-oldrel-macos-x86_64