Last updated on 2023-06-10 04:55:56 CEST.
Flavor | Version | Tinstall | Tcheck | Ttotal | Status | Flags |
---|---|---|---|---|---|---|
r-devel-linux-x86_64-debian-clang | 0.1.8 | 9.81 | 93.83 | 103.64 | OK | |
r-devel-linux-x86_64-debian-gcc | 0.1.8 | 7.54 | 70.99 | 78.53 | OK | |
r-devel-linux-x86_64-fedora-clang | 0.1.8 | 131.97 | NOTE | |||
r-devel-linux-x86_64-fedora-gcc | 0.1.8 | 135.03 | NOTE | |||
r-devel-windows-x86_64 | 0.1.8 | 13.00 | 100.00 | 113.00 | OK | |
r-patched-linux-x86_64 | 0.1.8 | 8.23 | 88.78 | 97.01 | OK | |
r-release-linux-x86_64 | 0.1.8 | 10.20 | 86.82 | 97.02 | OK | |
r-release-macos-arm64 | 0.1.8 | 55.00 | OK | |||
r-release-macos-x86_64 | 0.1.8 | 86.00 | OK | |||
r-release-windows-x86_64 | 0.1.8 | 15.00 | 121.00 | 136.00 | OK | |
r-oldrel-macos-arm64 | 0.1.8 | 44.00 | NOTE | |||
r-oldrel-macos-x86_64 | 0.1.8 | 87.00 | NOTE | |||
r-oldrel-windows-x86_64 | 0.1.8 | 15.00 | 126.00 | 141.00 | OK |
Version: 0.1.8
Check: data for non-ASCII characters
Result: NOTE
Note: found 2 marked Latin-1 strings
Note: found 50022 marked UTF-8 strings
Flavors: r-devel-linux-x86_64-fedora-clang, r-devel-linux-x86_64-fedora-gcc, r-oldrel-macos-arm64, r-oldrel-macos-x86_64