Last updated on 2023-03-27 20:52:25 CEST.
Flavor | Version | Tinstall | Tcheck | Ttotal | Status | Flags |
---|---|---|---|---|---|---|
r-devel-linux-x86_64-debian-clang | 1.5.2 | 49.50 | 29.98 | 79.48 | NOTE | |
r-devel-linux-x86_64-debian-gcc | 1.5.2 | 38.97 | 23.76 | 62.73 | NOTE | |
r-devel-linux-x86_64-fedora-clang | 1.5.2 | 106.54 | NOTE | |||
r-devel-linux-x86_64-fedora-gcc | 1.5.2 | 100.70 | NOTE | |||
r-patched-linux-x86_64 | 1.5.2 | 44.83 | 29.13 | 73.96 | NOTE | |
r-release-linux-x86_64 | 1.5.2 | 44.07 | 30.23 | 74.30 | OK | |
r-release-macos-arm64 | 1.5.2 | 50.00 | NOTE | |||
r-release-macos-x86_64 | 1.5.2 | 45.00 | NOTE | |||
r-release-windows-x86_64 | 1.5.2 | 1210.00 | 109.00 | 1319.00 | NOTE | |
r-oldrel-macos-arm64 | 1.5.2 | 38.00 | NOTE | |||
r-oldrel-macos-x86_64 | 1.5.2 | 52.00 | NOTE | |||
r-oldrel-windows-ix86+x86_64 | 1.5.2 | 102.00 | 92.00 | 194.00 | NOTE |
Version: 1.5.2
Check: C++ specification
Result: NOTE
Specified C++11: please drop specification unless essential
Flavors: r-devel-linux-x86_64-debian-clang, r-devel-linux-x86_64-debian-gcc, r-devel-linux-x86_64-fedora-clang, r-devel-linux-x86_64-fedora-gcc, r-patched-linux-x86_64
Version: 1.5.2
Check: installed package size
Result: NOTE
installed size is 7.1Mb
sub-directories of 1Mb or more:
include 6.4Mb
Flavors: r-devel-linux-x86_64-fedora-clang, r-release-macos-arm64, r-release-macos-x86_64, r-release-windows-x86_64, r-oldrel-macos-arm64, r-oldrel-macos-x86_64, r-oldrel-windows-ix86+x86_64