CRAN Package Check Results for Package rematch2

Last updated on 2022-01-20 08:50:08 CET.

Flavor Version Tinstall Tcheck Ttotal Status Flags
r-devel-linux-x86_64-debian-clang 2.1.2 NOTE
r-devel-linux-x86_64-debian-gcc 2.1.2 2.51 32.61 35.12 NOTE
r-devel-linux-x86_64-fedora-clang 2.1.2 55.41 NOTE
r-devel-linux-x86_64-fedora-gcc 2.1.2 43.82 NOTE
r-devel-windows-x86_64-new-UL 2.1.2 35.00 59.00 94.00 NOTE
r-devel-windows-x86_64-new-TK 2.1.2 NOTE
r-patched-linux-x86_64 2.1.2 2.71 40.16 42.87 NOTE
r-release-linux-x86_64 2.1.2 3.37 40.30 43.67 NOTE
r-release-macos-arm64 2.1.2 NOTE
r-release-macos-x86_64 2.1.2 NOTE
r-release-windows-ix86+x86_64 2.1.2 10.00 48.00 58.00 NOTE
r-oldrel-macos-x86_64 2.1.2 OK
r-oldrel-windows-ix86+x86_64 2.1.2 9.00 50.00 59.00 OK

Check Details

Version: 2.1.2
Check: LazyData
Result: NOTE
     'LazyData' is specified without a 'data' directory
Flavors: r-devel-linux-x86_64-debian-clang, r-devel-linux-x86_64-debian-gcc, r-devel-linux-x86_64-fedora-clang, r-devel-linux-x86_64-fedora-gcc, r-devel-windows-x86_64-new-UL, r-devel-windows-x86_64-new-TK, r-patched-linux-x86_64, r-release-linux-x86_64, r-release-macos-arm64, r-release-macos-x86_64, r-release-windows-ix86+x86_64

Version: 2.1.2
Check: Rd cross-references
Result: NOTE
    Undeclared package ‘magrittr’ in Rd xrefs
Flavor: r-devel-linux-x86_64-fedora-clang