CRAN Package Check Results for Package repmod

Last updated on 2021-10-16 13:04:08 CEST.

Flavor Version Tinstall Tcheck Ttotal Status Flags
r-devel-linux-x86_64-debian-clang 0.1.7 3.75 32.82 36.57 NOTE
r-devel-linux-x86_64-debian-gcc 0.1.7 2.84 25.46 28.30 NOTE
r-devel-linux-x86_64-fedora-clang 0.1.7 53.98 NOTE
r-devel-linux-x86_64-fedora-gcc 0.1.7 43.45 NOTE
r-devel-windows-x86_64 0.1.7 6.00 47.00 53.00 NOTE
r-devel-windows-x86_64-gcc10-UCRT 0.1.7 NOTE
r-patched-linux-x86_64 0.1.7 4.11 31.98 36.09 NOTE
r-patched-solaris-x86 0.1.7 64.10 NOTE
r-release-linux-x86_64 0.1.7 3.44 31.71 35.15 NOTE
r-release-macos-arm64 0.1.7 NOTE
r-release-macos-x86_64 0.1.7 NOTE
r-release-windows-ix86+x86_64 0.1.7 9.00 54.00 63.00 NOTE
r-oldrel-macos-x86_64 0.1.7 OK
r-oldrel-windows-ix86+x86_64 0.1.7 9.00 52.00 61.00 OK

Check Details

Version: 0.1.7
Check: LazyData
Result: NOTE
     'LazyData' is specified without a 'data' directory
Flavors: r-devel-linux-x86_64-debian-clang, r-devel-linux-x86_64-debian-gcc, r-devel-linux-x86_64-fedora-clang, r-devel-linux-x86_64-fedora-gcc, r-devel-windows-x86_64, r-devel-windows-x86_64-gcc10-UCRT, r-patched-linux-x86_64, r-patched-solaris-x86, r-release-linux-x86_64, r-release-macos-arm64, r-release-macos-x86_64, r-release-windows-ix86+x86_64