CRAN Package Check Results for Package repr

Last updated on 2021-10-17 16:49:36 CEST.

Flavor Version Tinstall Tcheck Ttotal Status Flags
r-devel-linux-x86_64-debian-clang 1.1.3 4.92 42.51 47.43 NOTE
r-devel-linux-x86_64-debian-gcc 1.1.3 3.33 32.71 36.04 NOTE
r-devel-linux-x86_64-fedora-clang 1.1.3 66.31 NOTE
r-devel-linux-x86_64-fedora-gcc 1.1.3 111.34 NOTE
r-devel-windows-x86_64 1.1.3 8.00 52.00 60.00 NOTE
r-devel-windows-x86_64-gcc10-UCRT 1.1.3 NOTE
r-patched-linux-x86_64 1.1.3 4.65 40.42 45.07 NOTE
r-patched-solaris-x86 1.1.3 83.00 NOTE
r-release-linux-x86_64 1.1.3 3.81 40.63 44.44 NOTE
r-release-macos-arm64 1.1.3 NOTE
r-release-macos-x86_64 1.1.3 NOTE
r-release-windows-ix86+x86_64 1.1.3 7.00 63.00 70.00 NOTE
r-oldrel-macos-x86_64 1.1.3 OK
r-oldrel-windows-ix86+x86_64 1.1.3 9.00 63.00 72.00 OK

Check Details

Version: 1.1.3
Check: LazyData
Result: NOTE
     'LazyData' is specified without a 'data' directory
Flavors: r-devel-linux-x86_64-debian-clang, r-devel-linux-x86_64-debian-gcc, r-devel-linux-x86_64-fedora-clang, r-devel-linux-x86_64-fedora-gcc, r-devel-windows-x86_64, r-devel-windows-x86_64-gcc10-UCRT, r-patched-linux-x86_64, r-patched-solaris-x86, r-release-linux-x86_64, r-release-macos-arm64, r-release-macos-x86_64, r-release-windows-ix86+x86_64

Version: 1.1.3
Check: Rd cross-references
Result: NOTE
    Undeclared package ‘ggplot2’ in Rd xrefs
Flavor: r-devel-linux-x86_64-fedora-clang