Last updated on 2023-12-05 07:48:43 CET.
Flavor | Version | Tinstall | Tcheck | Ttotal | Status | Flags |
---|---|---|---|---|---|---|
r-devel-linux-x86_64-debian-clang | 1.1.6 | 5.38 | 52.35 | 57.73 | OK | |
r-devel-linux-x86_64-debian-gcc | 1.1.6 | 4.54 | 39.56 | 44.10 | OK | |
r-devel-linux-x86_64-fedora-clang | 1.1.6 | 71.06 | NOTE | |||
r-devel-linux-x86_64-fedora-gcc | 1.1.6 | 138.94 | OK | |||
r-devel-windows-x86_64 | 1.1.6 | 5.00 | 60.00 | 65.00 | OK | |
r-patched-linux-x86_64 | 1.1.6 | 6.51 | 50.27 | 56.78 | OK | |
r-release-linux-x86_64 | 1.1.6 | 5.74 | 50.72 | 56.46 | OK | |
r-release-macos-arm64 | 1.1.6 | 61.00 | OK | |||
r-release-macos-x86_64 | 1.1.6 | 133.00 | OK | |||
r-release-windows-x86_64 | 1.1.6 | 7.00 | 68.00 | 75.00 | OK | |
r-oldrel-macos-arm64 | 1.1.6 | 79.00 | OK | |||
r-oldrel-macos-x86_64 | 1.1.6 | 135.00 | OK | |||
r-oldrel-windows-x86_64 | 1.1.6 | 7.00 | 66.00 | 73.00 | OK |
Version: 1.1.6
Check: Rd cross-references
Result: NOTE
Undeclared package ‘ggplot2’ in Rd xrefs
Flavor: r-devel-linux-x86_64-fedora-clang