Last updated on 2023-10-01 16:56:09 CEST.
Flavor | Version | Tinstall | Tcheck | Ttotal | Status | Flags |
---|---|---|---|---|---|---|
r-devel-linux-x86_64-debian-clang | 1.1.0 | 5.69 | 44.99 | 50.68 | OK | |
r-devel-linux-x86_64-debian-gcc | 1.1.0 | 4.22 | 34.32 | 38.54 | OK | |
r-devel-linux-x86_64-fedora-clang | 1.1.0 | 64.95 | NOTE | |||
r-devel-linux-x86_64-fedora-gcc | 1.1.0 | 59.16 | NOTE | |||
r-devel-windows-x86_64 | 1.1.0 | 6.00 | 65.00 | 71.00 | OK | |
r-patched-linux-x86_64 | 1.1.0 | 6.17 | 43.63 | 49.80 | OK | |
r-release-linux-x86_64 | 1.1.0 | 5.21 | 44.39 | 49.60 | OK | |
r-release-macos-arm64 | 1.1.0 | 26.00 | OK | |||
r-release-macos-x86_64 | 1.1.0 | 34.00 | OK | |||
r-release-windows-x86_64 | 1.1.0 | 8.00 | 66.00 | 74.00 | OK | |
r-oldrel-macos-arm64 | 1.1.0 | 28.00 | OK | |||
r-oldrel-macos-x86_64 | 1.1.0 | 33.00 | NOTE | |||
r-oldrel-windows-x86_64 | 1.1.0 | 8.00 | 67.00 | 75.00 | OK |
Version: 1.1.0
Check: Rd cross-references
Result: NOTE
Undeclared package ‘wesanderson’ in Rd xrefs
Flavor: r-devel-linux-x86_64-fedora-clang
Version: 1.1.0
Check: data for non-ASCII characters
Result: NOTE
Note: found 25 marked UTF-8 strings
Flavors: r-devel-linux-x86_64-fedora-clang, r-devel-linux-x86_64-fedora-gcc, r-oldrel-macos-x86_64