CRAN Package Check Results for Package resourcer

Last updated on 2021-10-26 09:09:37 CEST.

Flavor Version Tinstall Tcheck Ttotal Status Flags
r-devel-linux-x86_64-debian-clang 1.1.1 23.24 35.73 58.97 OK
r-devel-linux-x86_64-debian-gcc 1.1.1 20.12 28.12 48.24 OK
r-devel-linux-x86_64-fedora-clang 1.1.1 85.72 OK
r-devel-linux-x86_64-fedora-gcc 1.1.1 76.18 OK
r-devel-windows-x86_64 1.1.1 35.00 54.00 89.00 OK
r-devel-windows-x86_64-gcc10-UCRT 1.1.1 OK
r-patched-linux-x86_64 1.1.1 21.04 34.43 55.47 OK
r-patched-solaris-x86 1.1.1 355.30 NOTE
r-release-linux-x86_64 1.1.1 19.69 34.58 54.27 OK
r-release-macos-arm64 1.1.1 OK
r-release-macos-x86_64 1.1.1 OK
r-release-windows-ix86+x86_64 1.1.1 28.00 68.00 96.00 OK
r-oldrel-macos-x86_64 1.1.1 OK
r-oldrel-windows-ix86+x86_64 1.1.1 38.00 66.00 104.00 OK

Check Details

Version: 1.1.1
Check: package dependencies
Result: NOTE
    Package suggested but not available for checking: ‘ssh’
Flavor: r-patched-solaris-x86