CRAN Package Check Results for Package restfulr

Last updated on 2022-05-22 09:52:26 CEST.

Flavor Version Tinstall Tcheck Ttotal Status Flags
r-devel-linux-x86_64-debian-clang 0.0.13 16.20 92.66 108.86 NOTE --no-tests
r-devel-linux-x86_64-debian-gcc 0.0.13 11.26 69.74 81.00 NOTE --no-tests
r-devel-linux-x86_64-fedora-clang 0.0.13 71.21 NOTE --no-tests
r-devel-linux-x86_64-fedora-gcc 0.0.13 100.16 NOTE --no-tests
r-devel-windows-x86_64 0.0.13 75.00 66.00 141.00 NOTE --no-examples --no-tests --no-vignettes
r-patched-linux-x86_64 0.0.13 11.76 88.83 100.59 OK --no-tests
r-release-linux-x86_64 0.0.13 14.47 88.56 103.03 OK --no-tests
r-release-macos-arm64 0.0.13 38.00 NOTE
r-release-macos-x86_64 0.0.13 51.00 NOTE
r-release-windows-x86_64 0.0.13 90.00 67.00 157.00 OK --no-examples --no-tests --no-vignettes
r-oldrel-macos-arm64 0.0.13 39.00 OK
r-oldrel-macos-x86_64 0.0.13 79.00 OK
r-oldrel-windows-ix86+x86_64 0.0.13 28.00 82.00 110.00 OK --no-examples --no-tests --no-vignettes

Check Details

Version: 0.0.13
Flags: --no-tests
Check: Rd files
Result: NOTE
    checkRd: (7) Credentials-class.Rd:25-27: \item in \describe must have non-empty label
    checkRd: (7) Credentials-class.Rd:28-30: \item in \describe must have non-empty label
    checkRd: (7) Media-class.Rd:96-99: \item in \describe must have non-empty label
    checkRd: (7) RestContainer-class.Rd:35-42: \item in \describe must have non-empty label
    checkRd: (7) RestContainer-class.Rd:43-46: \item in \describe must have non-empty label
    checkRd: (7) RestContainer-class.Rd:47-53: \item in \describe must have non-empty label
    checkRd: (7) RestContainer-class.Rd:54-58: \item in \describe must have non-empty label
    checkRd: (7) RestContainer-class.Rd:59-63: \item in \describe must have non-empty label
    checkRd: (7) RestContainer-class.Rd:64-67: \item in \describe must have non-empty label
    checkRd: (7) RestContainer-class.Rd:73-75: \item in \describe must have non-empty label
    checkRd: (7) RestUri-class.Rd:65-72: \item in \describe must have non-empty label
    checkRd: (7) RestUri-class.Rd:73-77: \item in \describe must have non-empty label
    checkRd: (7) RestUri-class.Rd:78-83: \item in \describe must have non-empty label
    checkRd: (7) RestUri-class.Rd:84-87: \item in \describe must have non-empty label
    checkRd: (7) RestUri-class.Rd:93-102: \item in \describe must have non-empty label
    checkRd: (7) RestUri-class.Rd:103-106: \item in \describe must have non-empty label
    checkRd: (7) RestUri-class.Rd:107-109: \item in \describe must have non-empty label
    checkRd: (7) RestUri-class.Rd:110-112: \item in \describe must have non-empty label
    checkRd: (7) RestUri-class.Rd:118-121: \item in \describe must have non-empty label
    checkRd: (7) RestUri-class.Rd:146-149: \item in \describe must have non-empty label
Flavors: r-devel-linux-x86_64-debian-clang, r-devel-linux-x86_64-debian-gcc, r-devel-linux-x86_64-fedora-clang, r-devel-linux-x86_64-fedora-gcc

Version: 0.0.13
Flags: --no-tests
Check: HTML version of manual
Result: NOTE
    Found the following problems:
    Credentials-class.Rd:33:1: Warning: trimming empty <dt>
    Credentials-class.Rd:37:1: Warning: trimming empty <dt>
    Media-class.Rd:82:1: Warning: trimming empty <dt>
    RestContainer-class.Rd:38:1: Warning: trimming empty <dt>
    RestContainer-class.Rd:47:1: Warning: trimming empty <dt>
    RestContainer-class.Rd:52:1: Warning: trimming empty <dt>
    RestContainer-class.Rd:60:1: Warning: trimming empty <dt>
    RestContainer-class.Rd:66:1: Warning: trimming empty <dt>
    RestContainer-class.Rd:72:1: Warning: trimming empty <dt>
    RestContainer-class.Rd:85:1: Warning: trimming empty <dt>
    RestUri-class.Rd:41:1: Warning: trimming empty <dt>
    RestUri-class.Rd:50:1: Warning: trimming empty <dt>
    RestUri-class.Rd:56:1: Warning: trimming empty <dt>
    RestUri-class.Rd:63:1: Warning: trimming empty <dt>
    RestUri-class.Rd:76:1: Warning: trimming empty <dt>
    RestUri-class.Rd:87:1: Warning: trimming empty <dt>
    RestUri-class.Rd:92:1: Warning: trimming empty <dt>
    RestUri-class.Rd:96:1: Warning: trimming empty <dt>
    RestUri-class.Rd:108:1: Warning: trimming empty <dt>
    RestUri-class.Rd:142:1: Warning: trimming empty <dt>
Flavors: r-devel-linux-x86_64-debian-clang, r-devel-linux-x86_64-debian-gcc

Version: 0.0.13
Flags: --no-examples --no-tests --no-vignettes
Check: Rd files
Result: NOTE
    checkRd: (7) Credentials-class.Rd:25-27: \item in \describe must have non-empty label
    checkRd: (7) Credentials-class.Rd:28-30: \item in \describe must have non-empty label
    checkRd: (7) Media-class.Rd:96-99: \item in \describe must have non-empty label
    checkRd: (7) RestContainer-class.Rd:35-42: \item in \describe must have non-empty label
    checkRd: (7) RestContainer-class.Rd:43-46: \item in \describe must have non-empty label
    checkRd: (7) RestContainer-class.Rd:47-53: \item in \describe must have non-empty label
    checkRd: (7) RestContainer-class.Rd:54-58: \item in \describe must have non-empty label
    checkRd: (7) RestContainer-class.Rd:59-63: \item in \describe must have non-empty label
    checkRd: (7) RestContainer-class.Rd:64-67: \item in \describe must have non-empty label
    checkRd: (7) RestContainer-class.Rd:73-75: \item in \describe must have non-empty label
    checkRd: (7) RestUri-class.Rd:65-72: \item in \describe must have non-empty label
    checkRd: (7) RestUri-class.Rd:73-77: \item in \describe must have non-empty label
    checkRd: (7) RestUri-class.Rd:78-83: \item in \describe must have non-empty label
    checkRd: (7) RestUri-class.Rd:84-87: \item in \describe must have non-empty label
    checkRd: (7) RestUri-class.Rd:93-102: \item in \describe must have non-empty label
    checkRd: (7) RestUri-class.Rd:103-106: \item in \describe must have non-empty label
    checkRd: (7) RestUri-class.Rd:107-109: \item in \describe must have non-empty label
    checkRd: (7) RestUri-class.Rd:110-112: \item in \describe must have non-empty label
    checkRd: (7) RestUri-class.Rd:118-121: \item in \describe must have non-empty label
    checkRd: (7) RestUri-class.Rd:146-149: \item in \describe must have non-empty label
Flavor: r-devel-windows-x86_64

Version: 0.0.13
Check: package dependencies
Result: NOTE
    Package suggested but not available for checking: ‘rsolr’
Flavors: r-release-macos-arm64, r-release-macos-x86_64