CRAN Package Check Results for Package retroharmonize

Last updated on 2021-10-25 04:54:21 CEST.

Flavor Version Tinstall Tcheck Ttotal Status Flags
r-devel-linux-x86_64-debian-clang 0.1.17 7.58 108.22 115.80 OK
r-devel-linux-x86_64-debian-gcc 0.1.17 5.75 80.75 86.50 OK
r-devel-linux-x86_64-fedora-clang 0.1.17 142.05 NOTE
r-devel-linux-x86_64-fedora-gcc 0.1.17 140.66 OK
r-devel-windows-x86_64 0.1.17 12.00 158.00 170.00 NOTE
r-devel-windows-x86_64-gcc10-UCRT 0.1.17 OK
r-patched-linux-x86_64 0.1.17 6.69 107.75 114.44 OK
r-patched-solaris-x86 0.1.17 190.00 NOTE
r-release-linux-x86_64 0.1.17 6.97 106.89 113.86 OK
r-release-macos-arm64 0.1.17 NOTE
r-release-macos-x86_64 0.1.17 NOTE
r-release-windows-ix86+x86_64 0.1.17 11.00 153.00 164.00 NOTE
r-oldrel-macos-x86_64 0.1.17 NOTE
r-oldrel-windows-ix86+x86_64 0.1.17 18.00 190.00 208.00 NOTE

Check Details

Version: 0.1.17
Check: installed package size
Result: NOTE
     installed size is 5.6Mb
     sub-directories of 1Mb or more:
     doc 1.1Mb
     examples 1.9Mb
Flavors: r-devel-linux-x86_64-fedora-clang, r-devel-windows-x86_64, r-patched-solaris-x86, r-release-macos-arm64, r-release-macos-x86_64, r-release-windows-ix86+x86_64, r-oldrel-macos-x86_64, r-oldrel-windows-ix86+x86_64