CRAN Package Check Results for Package reweight

Last updated on 2021-09-22 13:53:00 CEST.

Flavor Version Tinstall Tcheck Ttotal Status Flags
r-devel-linux-x86_64-debian-clang 1.2.1 2.26 51.55 53.81 NOTE
r-devel-linux-x86_64-debian-gcc 1.2.1 1.72 40.38 42.10 NOTE
r-devel-linux-x86_64-fedora-clang 1.2.1 74.36 NOTE
r-devel-linux-x86_64-fedora-gcc 1.2.1 64.77 NOTE
r-devel-windows-x86_64 1.2.1 4.00 55.00 59.00 NOTE
r-devel-windows-x86_64-gcc10-UCRT 1.2.1 ERROR
r-patched-linux-x86_64 1.2.1 2.08 50.82 52.90 NOTE
r-patched-solaris-x86 1.2.1 86.60 NOTE
r-release-linux-x86_64 1.2.1 1.94 52.37 54.31 NOTE
r-release-macos-arm64 1.2.1 NOTE
r-release-macos-x86_64 1.2.1 NOTE
r-release-windows-ix86+x86_64 1.2.1 4.00 57.00 61.00 NOTE
r-oldrel-macos-x86_64 1.2.1 NOTE
r-oldrel-windows-ix86+x86_64 1.2.1 3.00 56.00 59.00 NOTE

Check Details

Version: 1.2.1
Check: R code for possible problems
Result: NOTE
    plot.reweight: no visible global function definition for 'par'
    plot.reweight: no visible global function definition for 'density'
    plot.reweight: no visible global function definition for 'rug'
    reweight: no visible global function definition for 'aggregate'
    search.best.h: no visible global function definition for 'quantile'
    Undefined global functions or variables:
     aggregate density par quantile rug
    Consider adding
     importFrom("graphics", "par", "rug")
     importFrom("stats", "aggregate", "density", "quantile")
    to your NAMESPACE file.
Flavors: r-devel-linux-x86_64-debian-clang, r-devel-linux-x86_64-debian-gcc, r-devel-linux-x86_64-fedora-clang, r-devel-linux-x86_64-fedora-gcc, r-devel-windows-x86_64, r-devel-windows-x86_64-gcc10-UCRT, r-patched-linux-x86_64, r-patched-solaris-x86, r-release-linux-x86_64, r-release-macos-arm64, r-release-macos-x86_64, r-release-windows-ix86+x86_64, r-oldrel-macos-x86_64, r-oldrel-windows-ix86+x86_64

Version: 1.2.1
Check: PDF version of manual
Result: WARN
    LaTeX errors when creating PDF version.
    This typically indicates Rd problems.
Flavor: r-devel-windows-x86_64-gcc10-UCRT

Version: 1.2.1
Check: PDF version of manual without hyperrefs or index
Result: ERROR
    Re-running with no redirection of stdout/stderr.
Flavor: r-devel-windows-x86_64-gcc10-UCRT