Last updated on 2023-05-28 16:57:59 CEST.
Flavor | Version | Tinstall | Tcheck | Ttotal | Status | Flags |
---|---|---|---|---|---|---|
r-devel-linux-x86_64-debian-clang | 1.0.3 | 14.34 | 153.71 | 168.05 | OK | |
r-devel-linux-x86_64-debian-gcc | 1.0.3 | 10.19 | 114.98 | 125.17 | OK | |
r-devel-linux-x86_64-fedora-clang | 1.0.3 | 203.78 | NOTE | |||
r-devel-linux-x86_64-fedora-gcc | 1.0.3 | 200.97 | NOTE | |||
r-devel-windows-x86_64 | 1.0.3 | 13.00 | 128.00 | 141.00 | OK | |
r-patched-linux-x86_64 | 1.0.3 | 11.51 | 143.38 | 154.89 | OK | |
r-release-linux-x86_64 | 1.0.3 | 10.71 | 144.44 | 155.15 | OK | |
r-release-macos-arm64 | 1.0.3 | 64.00 | OK | |||
r-release-macos-x86_64 | 1.0.3 | 104.00 | OK | |||
r-release-windows-x86_64 | 1.0.3 | 16.00 | 156.00 | 172.00 | OK | |
r-oldrel-macos-arm64 | 1.0.3 | 48.00 | NOTE | |||
r-oldrel-macos-x86_64 | 1.0.3 | 77.00 | NOTE | |||
r-oldrel-windows-x86_64 | 1.0.3 | 16.00 | 161.00 | 177.00 | OK |
Version: 1.0.3
Check: dependencies in R code
Result: NOTE
Namespace in Imports field not imported from: ‘titanic’
All declared Imports should be used.
Flavors: r-devel-linux-x86_64-fedora-clang, r-devel-linux-x86_64-fedora-gcc, r-oldrel-macos-arm64, r-oldrel-macos-x86_64