CRAN Package Check Results for Package rfishnet2

Last updated on 2021-10-24 08:52:06 CEST.

Flavor Version Tinstall Tcheck Ttotal Status Flags
r-devel-linux-x86_64-debian-clang 0.2.0 4.68 47.01 51.69 OK
r-devel-linux-x86_64-debian-gcc 0.2.0 3.78 35.35 39.13 OK
r-devel-linux-x86_64-fedora-clang 0.2.0 72.01 NOTE
r-devel-linux-x86_64-fedora-gcc 0.2.0 60.23 NOTE
r-devel-windows-x86_64 0.2.0 10.00 51.00 61.00 OK
r-devel-windows-x86_64-gcc10-UCRT 0.2.0 NOTE
r-patched-linux-x86_64 0.2.0 4.88 43.70 48.58 OK
r-patched-solaris-x86 0.2.0 90.40 NOTE
r-release-linux-x86_64 0.2.0 4.28 44.15 48.43 OK
r-release-macos-arm64 0.2.0 NOTE
r-release-macos-x86_64 0.2.0 NOTE
r-release-windows-ix86+x86_64 0.2.0 11.00 70.00 81.00 OK
r-oldrel-macos-x86_64 0.2.0 NOTE
r-oldrel-windows-ix86+x86_64 0.2.0 13.00 70.00 83.00 OK

Check Details

Version: 0.2.0
Check: dependencies in R code
Result: NOTE
    Namespace in Imports field not imported from: ‘sf’
     All declared Imports should be used.
Flavors: r-devel-linux-x86_64-fedora-clang, r-devel-linux-x86_64-fedora-gcc, r-devel-windows-x86_64-gcc10-UCRT, r-patched-solaris-x86, r-release-macos-arm64, r-release-macos-x86_64, r-oldrel-macos-x86_64