CRAN Package Check Results for Package rgenoud

Last updated on 2021-10-24 16:54:15 CEST.

Flavor Version Tinstall Tcheck Ttotal Status Flags
r-devel-linux-x86_64-debian-clang 5.8-3.0 12.48 50.51 62.99 NOTE
r-devel-linux-x86_64-debian-gcc 5.8-3.0 7.88 43.31 51.19 NOTE
r-devel-linux-x86_64-fedora-clang 5.8-3.0 95.36 NOTE
r-devel-linux-x86_64-fedora-gcc 5.8-3.0 99.45 NOTE
r-devel-windows-x86_64 5.8-3.0 18.00 77.00 95.00 NOTE
r-devel-windows-x86_64-gcc10-UCRT 5.8-3.0 NOTE
r-patched-linux-x86_64 5.8-3.0 9.25 67.46 76.71 NOTE
r-patched-solaris-x86 5.8-3.0 115.30 NOTE
r-release-linux-x86_64 5.8-3.0 10.07 56.27 66.34 NOTE
r-release-macos-arm64 5.8-3.0 NOTE
r-release-macos-x86_64 5.8-3.0 NOTE
r-release-windows-ix86+x86_64 5.8-3.0 30.00 122.00 152.00 NOTE
r-oldrel-macos-x86_64 5.8-3.0 NOTE
r-oldrel-windows-ix86+x86_64 5.8-3.0 36.00 173.00 209.00 NOTE

Additional issues

clang-UBSAN gcc-UBSAN

Check Details

Version: 5.8-3.0
Check: R code for possible problems
Result: NOTE
    genoud: multiple local function definitions for 'fn1.bfgs' with
     different formal arguments
    genoud: multiple local function definitions for 'gr1' with different
     formal arguments
    genoud: multiple local function definitions for 'hess.fn' with
     different formal arguments
    genoud_transform: multiple local function definitions for 'fn1.bfgs'
     with different formal arguments
    genoud_transform: multiple local function definitions for 'gr1' with
     different formal arguments
Flavors: r-devel-linux-x86_64-debian-clang, r-devel-linux-x86_64-debian-gcc, r-devel-linux-x86_64-fedora-clang, r-devel-linux-x86_64-fedora-gcc, r-devel-windows-x86_64, r-devel-windows-x86_64-gcc10-UCRT, r-patched-linux-x86_64, r-patched-solaris-x86, r-release-linux-x86_64, r-release-macos-arm64, r-release-macos-x86_64, r-release-windows-ix86+x86_64, r-oldrel-macos-x86_64, r-oldrel-windows-ix86+x86_64

Version: 5.8-3.0
Check: Rd cross-references
Result: NOTE
    Undeclared package ‘Matching’ in Rd xrefs
Flavor: r-devel-linux-x86_64-fedora-clang