Last updated on 2023-06-06 21:01:03 CEST.
Flavor | Version | Tinstall | Tcheck | Ttotal | Status | Flags |
---|---|---|---|---|---|---|
r-devel-linux-x86_64-debian-clang | 0.2.2 | 10.73 | 110.50 | 121.23 | OK | |
r-devel-linux-x86_64-debian-gcc | 0.2.2 | 8.96 | 85.78 | 94.74 | OK | |
r-devel-linux-x86_64-fedora-clang | 0.2.2 | 157.32 | NOTE | |||
r-devel-linux-x86_64-fedora-gcc | 0.2.2 | 160.38 | NOTE | |||
r-devel-windows-x86_64 | 0.2.2 | 9.00 | 104.00 | 113.00 | OK | |
r-patched-linux-x86_64 | 0.2.2 | 7.24 | 105.10 | 112.34 | OK | |
r-release-linux-x86_64 | 0.2.2 | 6.73 | 105.34 | 112.07 | OK | |
r-release-macos-arm64 | 0.2.2 | 52.00 | OK | |||
r-release-macos-x86_64 | 0.2.2 | 93.00 | OK | |||
r-release-windows-x86_64 | 0.2.2 | 13.00 | 120.00 | 133.00 | OK | |
r-oldrel-macos-arm64 | 0.2.2 | 39.00 | NOTE | |||
r-oldrel-macos-x86_64 | 0.2.2 | 72.00 | NOTE | |||
r-oldrel-windows-x86_64 | 0.2.2 | 13.00 | 122.00 | 135.00 | OK |
Version: 0.2.2
Check: dependencies in R code
Result: NOTE
Namespaces in Imports field not imported from:
‘leaflet’ ‘pals’ ‘raster’ ‘sp’
All declared Imports should be used.
Flavors: r-devel-linux-x86_64-fedora-clang, r-devel-linux-x86_64-fedora-gcc, r-oldrel-macos-arm64, r-oldrel-macos-x86_64