Last updated on 2023-12-10 04:00:08 CET.
Flavor | Version | Tinstall | Tcheck | Ttotal | Status | Flags |
---|---|---|---|---|---|---|
r-devel-linux-x86_64-debian-clang | 0.3.8 | 4.28 | 75.41 | 79.69 | NOTE | |
r-devel-linux-x86_64-debian-gcc | 0.3.8 | 3.79 | 59.50 | 63.29 | NOTE | |
r-devel-linux-x86_64-fedora-clang | 0.3.8 | 97.50 | NOTE | |||
r-devel-linux-x86_64-fedora-gcc | 0.3.8 | 106.73 | OK | |||
r-devel-windows-x86_64 | 0.3.8 | 9.00 | 80.00 | 89.00 | NOTE | |
r-patched-linux-x86_64 | 0.3.8 | 4.97 | 74.86 | 79.83 | OK | |
r-release-linux-x86_64 | 0.3.8 | 4.62 | 72.83 | 77.45 | OK | |
r-release-macos-arm64 | 0.3.8 | 47.00 | NOTE | |||
r-release-macos-x86_64 | 0.3.8 | 62.00 | NOTE | |||
r-release-windows-x86_64 | 0.3.8 | 11.00 | 90.00 | 101.00 | NOTE | |
r-oldrel-macos-arm64 | 0.3.8 | 36.00 | NOTE | |||
r-oldrel-macos-x86_64 | 0.3.8 | 46.00 | NOTE | |||
r-oldrel-windows-x86_64 | 0.3.8 | 11.00 | 101.00 | 112.00 | NOTE |
Version: 0.3.8
Check: Rd files
Result: NOTE
checkRd: (-1) rhandsontable-package.Rd:8: Lost braces
8 | R interface for creating tables using Handsontable, url{https://handsontable.com/}
| ^
Flavors: r-devel-linux-x86_64-debian-clang, r-devel-linux-x86_64-debian-gcc
Version: 0.3.8
Check: installed package size
Result: NOTE
installed size is 11.7Mb
sub-directories of 1Mb or more:
doc 10.3Mb
htmlwidgets 1.3Mb
Flavors: r-devel-linux-x86_64-fedora-clang, r-devel-windows-x86_64, r-release-macos-arm64, r-release-macos-x86_64, r-release-windows-x86_64, r-oldrel-macos-arm64, r-oldrel-macos-x86_64, r-oldrel-windows-x86_64