CRAN Package Check Results for Package ricu

Last updated on 2021-12-08 19:51:46 CET.

Flavor Version Tinstall Tcheck Ttotal Status Flags
r-devel-linux-x86_64-debian-clang 0.5.1 17.59 165.69 183.28 NOTE
r-devel-linux-x86_64-debian-gcc 0.5.1 13.88 123.88 137.76 NOTE
r-devel-linux-x86_64-fedora-clang 0.5.1 219.79 NOTE
r-devel-linux-x86_64-fedora-gcc 0.5.1 206.30 NOTE
r-devel-windows-x86_64-new-UL 0.5.1 44.00 254.00 298.00 NOTE
r-devel-windows-x86_64-new-TK 0.5.1 NOTE
r-devel-windows-x86_64-old 0.5.1 25.00 138.00 163.00 NOTE
r-patched-linux-x86_64 0.5.1 23.95 165.27 189.22 NOTE
r-release-linux-x86_64 0.5.1 16.12 163.65 179.77 NOTE
r-release-macos-arm64 0.5.1 NOTE
r-release-macos-x86_64 0.5.1 NOTE
r-release-windows-ix86+x86_64 0.5.1 26.00 166.00 192.00 NOTE
r-oldrel-macos-x86_64 0.5.1 NOTE
r-oldrel-windows-ix86+x86_64 0.5.1 34.00 187.00 221.00 NOTE

Check Details

Version: 0.5.1
Check: package dependencies
Result: NOTE
    Packages suggested but not available for checking:
     'mimic.demo', 'eicu.demo'
Flavors: r-devel-linux-x86_64-debian-clang, r-devel-linux-x86_64-debian-gcc, r-devel-linux-x86_64-fedora-clang, r-devel-linux-x86_64-fedora-gcc, r-devel-windows-x86_64-new-UL, r-devel-windows-x86_64-new-TK, r-devel-windows-x86_64-old, r-patched-linux-x86_64, r-release-linux-x86_64, r-release-macos-arm64, r-release-macos-x86_64, r-release-windows-ix86+x86_64, r-oldrel-macos-x86_64, r-oldrel-windows-ix86+x86_64

Version: 0.5.1
Check: dependencies in R code
Result: NOTE
    Namespace in Imports field not imported from: ‘glue’
     All declared Imports should be used.
Flavors: r-devel-linux-x86_64-fedora-clang, r-devel-linux-x86_64-fedora-gcc, r-devel-windows-x86_64-new-TK, r-release-macos-arm64, r-release-macos-x86_64, r-oldrel-macos-x86_64