CRAN Package Check Results for Package ripserr

Last updated on 2023-03-23 20:50:41 CET.

Flavor Version Tinstall Tcheck Ttotal Status Flags
r-devel-linux-x86_64-debian-clang 0.1.1 55.75 37.61 93.36 NOTE
r-devel-linux-x86_64-debian-gcc 0.1.1 42.62 31.30 73.92 NOTE
r-devel-linux-x86_64-fedora-clang 0.1.1 143.30 NOTE
r-devel-linux-x86_64-fedora-gcc 0.1.1 118.96 NOTE
r-patched-linux-x86_64 0.1.1 45.49 40.76 86.25 NOTE
r-release-linux-x86_64 0.1.1 45.36 41.54 86.90 NOTE
r-release-macos-arm64 0.1.1 32.00 NOTE
r-release-macos-x86_64 0.1.1 50.00 NOTE
r-release-windows-x86_64 0.1.1 48.00 123.00 171.00 NOTE
r-oldrel-macos-arm64 0.1.1 36.00 NOTE
r-oldrel-macos-x86_64 0.1.1 74.00 NOTE
r-oldrel-windows-ix86+x86_64 0.1.1 123.00 104.00 227.00 NOTE

Check Details

Version: 0.1.1
Check: C++ specification
Result: NOTE
     Specified C++11: please drop specification unless essential
Flavors: r-devel-linux-x86_64-debian-clang, r-devel-linux-x86_64-debian-gcc, r-devel-linux-x86_64-fedora-clang, r-devel-linux-x86_64-fedora-gcc

Version: 0.1.1
Check: LazyData
Result: NOTE
     'LazyData' is specified without a 'data' directory
Flavors: r-devel-linux-x86_64-debian-clang, r-devel-linux-x86_64-debian-gcc, r-devel-linux-x86_64-fedora-clang, r-devel-linux-x86_64-fedora-gcc, r-patched-linux-x86_64, r-release-linux-x86_64, r-release-macos-arm64, r-release-macos-x86_64, r-release-windows-x86_64, r-oldrel-macos-arm64, r-oldrel-macos-x86_64, r-oldrel-windows-ix86+x86_64