Last updated on 2023-04-02 13:51:58 CEST.
Flavor | Version | Tinstall | Tcheck | Ttotal | Status | Flags |
---|---|---|---|---|---|---|
r-devel-linux-x86_64-debian-clang | 2023.03.22 | 309.60 | 391.43 | 701.03 | OK | |
r-devel-linux-x86_64-debian-gcc | 2023.03.22 | 230.01 | 279.22 | 509.23 | OK | |
r-devel-linux-x86_64-fedora-clang | 2023.03.22 | 768.03 | OK | |||
r-devel-linux-x86_64-fedora-gcc | 2023.03.22 | 703.22 | OK | |||
r-patched-linux-x86_64 | 2023.03.22 | 239.19 | 356.28 | 595.47 | OK | |
r-release-linux-x86_64 | 2023.03.22 | 228.28 | 350.52 | 578.80 | OK | |
r-release-macos-arm64 | 2023.03.22 | 140.00 | NOTE | |||
r-release-macos-x86_64 | 2023.03.22 | 251.00 | NOTE | |||
r-release-windows-x86_64 | 2023.03.22 | 510.00 | 429.00 | 939.00 | OK | |
r-oldrel-macos-arm64 | 2023.03.22 | 130.00 | NOTE | |||
r-oldrel-macos-x86_64 | 2023.03.22 | 254.00 | NOTE | |||
r-oldrel-windows-ix86+x86_64 | 2023.03.22 | 671.00 | 570.00 | 1241.00 | OK |
Version: 2023.03.22
Check: installed package size
Result: NOTE
installed size is 10.6Mb
sub-directories of 1Mb or more:
R 1.0Mb
libs 9.0Mb
Flavors: r-release-macos-arm64, r-release-macos-x86_64, r-oldrel-macos-arm64, r-oldrel-macos-x86_64