CRAN Package Check Results for Package rjags

Last updated on 2023-01-29 03:55:24 CET.

Flavor Version Tinstall Tcheck Ttotal Status Flags
r-devel-linux-x86_64-debian-clang 4-13 9.66 31.73 41.39 WARN
r-devel-linux-x86_64-debian-gcc 4-13 9.48 24.68 34.16 WARN
r-devel-linux-x86_64-fedora-clang 4-13 56.84 WARN
r-devel-linux-x86_64-fedora-gcc 4-13 56.51 WARN
r-patched-linux-x86_64 4-13 9.80 31.78 41.58 OK
r-release-linux-x86_64 4-13 8.51 31.59 40.10 OK
r-release-macos-arm64 4-13 26.00 OK
r-release-macos-x86_64 4-13 35.00 OK
r-release-windows-x86_64 4-13 26.00 81.00 107.00 OK
r-oldrel-macos-arm64 4-13 31.00 OK
r-oldrel-macos-x86_64 4-13 44.00 OK
r-oldrel-windows-ix86+x86_64 4-13 21.00 81.00 102.00 OK

Check Details

Version: 4-13
Check: whether package can be installed
Result: WARN
    Found the following significant warnings:
     ./init.h:19:28: warning: a function declaration without a prototype is deprecated in all versions of C [-Wstrict-prototypes]
     ./init.h:26:28: warning: a function declaration without a prototype is deprecated in all versions of C [-Wstrict-prototypes]
     ./init.h:30:29: warning: a function declaration without a prototype is deprecated in all versions of C [-Wstrict-prototypes]
    See ‘/home/hornik/tmp/R.check/r-devel-clang/Work/PKGS/rjags.Rcheck/00install.out’ for details.
    * used C compiler: ‘Debian clang version 15.0.6’
    * used C++ compiler: ‘Debian clang version 15.0.6’
Flavor: r-devel-linux-x86_64-debian-clang

Version: 4-13
Check: whether package can be installed
Result: WARN
    Found the following significant warnings:
     init.h:19:5: warning: function declaration isn’t a prototype [-Wstrict-prototypes]
     init.h:26:5: warning: function declaration isn’t a prototype [-Wstrict-prototypes]
     init.h:30:5: warning: function declaration isn’t a prototype [-Wstrict-prototypes]
    See ‘/home/hornik/tmp/R.check/r-devel-gcc/Work/PKGS/rjags.Rcheck/00install.out’ for details.
    * used C compiler: ‘gcc-12 (Debian 12.2.0-14) 12.2.0’
    * used C++ compiler: ‘g++-12 (Debian 12.2.0-14) 12.2.0’
Flavor: r-devel-linux-x86_64-debian-gcc

Version: 4-13
Check: whether package can be installed
Result: WARN
    Found the following significant warnings:
     ./init.h:19:28: warning: a function declaration without a prototype is deprecated in all versions of C [-Wstrict-prototypes]
     ./init.h:26:28: warning: a function declaration without a prototype is deprecated in all versions of C [-Wstrict-prototypes]
     ./init.h:30:29: warning: a function declaration without a prototype is deprecated in all versions of C [-Wstrict-prototypes]
    See ‘/data/gannet/ripley/R/packages/tests-clang/rjags.Rcheck/00install.out’ for details.
    * used C compiler: ‘clang version 15.0.6’
    * used C++ compiler: ‘clang version 15.0.6’
Flavor: r-devel-linux-x86_64-fedora-clang

Version: 4-13
Check: whether package can be installed
Result: WARN
    Found the following significant warnings:
     init.h:19:5: warning: function declaration isn’t a prototype [-Wstrict-prototypes]
     init.h:26:5: warning: function declaration isn’t a prototype [-Wstrict-prototypes]
     init.h:30:5: warning: function declaration isn’t a prototype [-Wstrict-prototypes]
    See ‘/data/gannet/ripley/R/packages/tests-devel/rjags.Rcheck/00install.out’ for details.
    * used C compiler: ‘gcc (GCC) 12.2.1 20221121 (Red Hat 12.2.1-4)’
    * used C++ compiler: ‘g++ (GCC) 12.2.1 20221121 (Red Hat 12.2.1-4)’
Flavor: r-devel-linux-x86_64-fedora-gcc