Last updated on 2023-03-23 23:52:01 CET.
Flavor | Version | Tinstall | Tcheck | Ttotal | Status | Flags |
---|---|---|---|---|---|---|
r-devel-linux-x86_64-debian-clang | 1.6.3 | 478.29 | 36.23 | 514.52 | OK | |
r-devel-linux-x86_64-debian-gcc | 1.6.3 | 349.21 | 29.84 | 379.05 | OK | |
r-devel-linux-x86_64-fedora-clang | 1.6.3 | 900.49 | OK | |||
r-devel-linux-x86_64-fedora-gcc | 1.6.3 | 670.36 | OK | |||
r-patched-linux-x86_64 | 1.6.3 | 366.56 | 37.41 | 403.97 | OK | |
r-release-linux-x86_64 | 1.6.3 | 342.69 | 38.25 | 380.94 | OK | |
r-release-macos-arm64 | 1.6.3 | 127.00 | NOTE | |||
r-release-macos-x86_64 | 1.6.3 | 179.00 | NOTE | |||
r-release-windows-x86_64 | 1.6.3 | 446.00 | 110.00 | 556.00 | OK | |
r-oldrel-macos-arm64 | 1.6.3 | 122.00 | NOTE | |||
r-oldrel-macos-x86_64 | 1.6.3 | 192.00 | NOTE | |||
r-oldrel-windows-ix86+x86_64 | 1.6.3 | 11.00 | 19.00 | 30.00 | ERROR |
Version: 1.6.3
Check: installed package size
Result: NOTE
installed size is 10.6Mb
sub-directories of 1Mb or more:
libs 10.1Mb
Flavors: r-release-macos-arm64, r-release-macos-x86_64, r-oldrel-macos-arm64, r-oldrel-macos-x86_64
Version: 1.6.3
Check: whether package can be installed
Result: ERROR
Installation failed.
Flavor: r-oldrel-windows-ix86+x86_64