Last updated on 2023-12-07 07:50:43 CET.
Flavor | Version | Tinstall | Tcheck | Ttotal | Status | Flags |
---|---|---|---|---|---|---|
r-devel-linux-x86_64-debian-clang | 0.2.1 | 110.73 | 45.43 | 156.16 | OK | |
r-devel-linux-x86_64-debian-gcc | 0.2.1 | 95.24 | 35.33 | 130.57 | OK | |
r-devel-linux-x86_64-fedora-clang | 0.2.1 | 200.10 | NOTE | |||
r-devel-linux-x86_64-fedora-gcc | 0.2.1 | 233.72 | OK | |||
r-devel-windows-x86_64 | 0.2.1 | 80.00 | 85.00 | 165.00 | NOTE | |
r-patched-linux-x86_64 | 0.2.1 | 121.15 | 45.05 | 166.20 | OK | |
r-release-linux-x86_64 | 0.2.1 | 119.65 | 44.10 | 163.75 | OK | |
r-release-macos-arm64 | 0.2.1 | 63.00 | NOTE | |||
r-release-macos-x86_64 | 0.2.1 | 98.00 | NOTE | |||
r-release-windows-x86_64 | 0.2.1 | 81.00 | 102.00 | 183.00 | NOTE | |
r-oldrel-macos-arm64 | 0.2.1 | 59.00 | NOTE | |||
r-oldrel-macos-x86_64 | 0.2.1 | 68.00 | NOTE | |||
r-oldrel-windows-x86_64 | 0.2.1 | 101.00 | 91.00 | 192.00 | NOTE |
Version: 0.2.1
Check: installed package size
Result: NOTE
installed size is 5.1Mb
sub-directories of 1Mb or more:
lemon 2.9Mb
libs 1.9Mb
Flavors: r-devel-linux-x86_64-fedora-clang, r-devel-windows-x86_64, r-release-macos-arm64, r-release-macos-x86_64, r-release-windows-x86_64, r-oldrel-macos-arm64, r-oldrel-macos-x86_64, r-oldrel-windows-x86_64